Last updated on 2024-04-24 01:52:08 CEST.
Flavor | Version | Tinstall | Tcheck | Ttotal | Status | Flags |
---|---|---|---|---|---|---|
r-devel-linux-x86_64-debian-clang | 1.0.3 | 9.37 | 209.71 | 219.08 | OK | |
r-devel-linux-x86_64-debian-gcc | 1.0.3 | 8.17 | 155.05 | 163.22 | OK | |
r-devel-linux-x86_64-fedora-clang | 1.0.3 | 271.43 | NOTE | |||
r-devel-linux-x86_64-fedora-gcc | 1.0.3 | 288.52 | NOTE | |||
r-prerel-macos-arm64 | 1.0.3 | 87.00 | OK | |||
r-prerel-windows-x86_64 | 1.0.3 | 15.00 | 311.00 | 326.00 | OK | |
r-patched-linux-x86_64 | 1.0.3 | 11.59 | 209.49 | 221.08 | OK | |
r-release-linux-x86_64 | 1.0.3 | 9.02 | 207.46 | 216.48 | OK | |
r-release-macos-arm64 | 1.0.3 | 98.00 | OK | |||
r-release-macos-x86_64 | 1.0.3 | 308.00 | OK | |||
r-release-windows-x86_64 | 1.0.3 | 16.00 | 297.00 | 313.00 | OK | |
r-oldrel-macos-arm64 | 1.0.3 | 85.00 | OK | |||
r-oldrel-windows-x86_64 | 1.0.3 | 14.00 | 298.00 | 312.00 | OK |
Version: 1.0.3
Check: dependencies in R code
Result: NOTE
Namespace in Imports field not imported from: ‘snow’
All declared Imports should be used.
Flavors: r-devel-linux-x86_64-fedora-clang, r-devel-linux-x86_64-fedora-gcc