CRAN Package Check Results for Package elfDistr

Last updated on 2025-05-05 01:50:46 CEST.

Flavor Version Tinstall Tcheck Ttotal Status Flags
r-devel-linux-x86_64-debian-clang 1.0.0 11.52 24.23 35.75 NOTE
r-devel-linux-x86_64-debian-gcc 1.0.0 9.10 19.07 28.17 NOTE
r-devel-linux-x86_64-fedora-clang 1.0.0 61.93 NOTE
r-devel-linux-x86_64-fedora-gcc 1.0.0 62.84 NOTE
r-devel-windows-x86_64 1.0.0 15.00 61.00 76.00 NOTE
r-patched-linux-x86_64 1.0.0 12.38 23.12 35.50 NOTE
r-release-linux-x86_64 1.0.0 12.07 23.11 35.18 NOTE
r-release-macos-arm64 1.0.0 25.00 NOTE
r-release-macos-x86_64 1.0.0 58.00 NOTE
r-release-windows-x86_64 1.0.0 17.00 63.00 80.00 NOTE
r-oldrel-macos-arm64 1.0.0 26.00 NOTE
r-oldrel-macos-x86_64 1.0.0 36.00 NOTE
r-oldrel-windows-x86_64 1.0.0 15.00 72.00 87.00 NOTE

Check Details

Version: 1.0.0
Check: C++ specification
Result: NOTE Specified C++11: please drop specification unless essential Flavors: r-devel-linux-x86_64-debian-clang, r-devel-linux-x86_64-debian-gcc, r-devel-linux-x86_64-fedora-clang, r-devel-linux-x86_64-fedora-gcc, r-devel-windows-x86_64, r-patched-linux-x86_64, r-release-linux-x86_64, r-release-macos-arm64, r-release-macos-x86_64, r-release-windows-x86_64, r-oldrel-macos-arm64, r-oldrel-macos-x86_64, r-oldrel-windows-x86_64

Version: 1.0.0
Check: LazyData
Result: NOTE 'LazyData' is specified without a 'data' directory Flavors: r-oldrel-macos-arm64, r-oldrel-macos-x86_64, r-oldrel-windows-x86_64