Last updated on 2025-04-30 01:50:18 CEST.
Flavor | Version | Tinstall | Tcheck | Ttotal | Status | Flags |
---|---|---|---|---|---|---|
r-devel-linux-x86_64-debian-clang | 0.9.0 | 97.84 | 27.73 | 125.57 | OK | |
r-devel-linux-x86_64-debian-gcc | 0.9.0 | 75.14 | 30.76 | 105.90 | OK | |
r-devel-linux-x86_64-fedora-clang | 0.9.0 | 219.12 | OK | |||
r-devel-linux-x86_64-fedora-gcc | 0.9.0 | 243.08 | OK | |||
r-devel-windows-x86_64 | 0.9.0 | 102.00 | 84.00 | 186.00 | OK | |
r-patched-linux-x86_64 | 0.9.0 | 104.28 | 38.02 | 142.30 | OK | |
r-release-linux-x86_64 | 0.9.0 | 106.85 | 37.62 | 144.47 | OK | |
r-release-macos-arm64 | 0.9.0 | 54.00 | OK | |||
r-release-macos-x86_64 | 0.9.0 | 91.00 | OK | |||
r-release-windows-x86_64 | 0.9.0 | 104.00 | 81.00 | 185.00 | OK | |
r-oldrel-macos-arm64 | 0.9.0 | 59.00 | NOTE | |||
r-oldrel-macos-x86_64 | 0.9.0 | 57.00 | NOTE | |||
r-oldrel-windows-x86_64 | 0.9.0 | 112.00 | 89.00 | 201.00 | OK |
Version: 0.9.0
Check: installed package size
Result: NOTE
installed size is 39.2Mb
sub-directories of 1Mb or more:
libs 39.1Mb
Flavors: r-oldrel-macos-arm64, r-oldrel-macos-x86_64