CRAN Package Check Results for Package emba

Last updated on 2022-01-17 01:48:20 CET.

Flavor Version Tinstall Tcheck Ttotal Status Flags
r-devel-linux-x86_64-debian-clang 0.1.8 7.86 95.54 103.40 NOTE
r-devel-linux-x86_64-debian-gcc 0.1.8 6.07 73.62 79.69 NOTE
r-devel-linux-x86_64-fedora-clang 0.1.8 129.10 NOTE
r-devel-linux-x86_64-fedora-gcc 0.1.8 114.84 NOTE
r-devel-windows-x86_64-new-UL 0.1.8 115.00 125.00 240.00 NOTE
r-devel-windows-x86_64-new-TK 0.1.8 NOTE
r-patched-linux-x86_64 0.1.8 7.64 91.88 99.52 NOTE
r-release-linux-x86_64 0.1.8 NOTE
r-release-macos-arm64 0.1.8 NOTE
r-release-macos-x86_64 0.1.8 NOTE
r-release-windows-ix86+x86_64 0.1.8 20.00 110.00 130.00 NOTE
r-oldrel-macos-x86_64 0.1.8 OK
r-oldrel-windows-ix86+x86_64 0.1.8 19.00 109.00 128.00 OK

Check Details

Version: 0.1.8
Check: LazyData
Result: NOTE
     'LazyData' is specified without a 'data' directory
Flavors: r-devel-linux-x86_64-debian-clang, r-devel-linux-x86_64-debian-gcc, r-devel-linux-x86_64-fedora-clang, r-devel-linux-x86_64-fedora-gcc, r-devel-windows-x86_64-new-UL, r-devel-windows-x86_64-new-TK, r-patched-linux-x86_64, r-release-linux-x86_64, r-release-macos-arm64, r-release-macos-x86_64, r-release-windows-ix86+x86_64