Last updated on 2024-03-29 01:51:04 CET.
Flavor | Version | Tinstall | Tcheck | Ttotal | Status | Flags |
---|---|---|---|---|---|---|
r-devel-linux-x86_64-debian-clang | 0.1.0 | 2.24 | 40.73 | 42.97 | OK | |
r-devel-linux-x86_64-debian-gcc | 0.1.0 | 1.85 | 32.00 | 33.85 | OK | |
r-devel-linux-x86_64-fedora-clang | 0.1.0 | 55.77 | OK | |||
r-devel-linux-x86_64-fedora-gcc | 0.1.0 | 65.10 | OK | |||
r-devel-windows-x86_64 | 0.1.0 | 3.00 | 48.00 | 51.00 | ERROR | |
r-patched-linux-x86_64 | 0.1.0 | 1.26 | 41.10 | 42.36 | OK | |
r-release-linux-x86_64 | 0.1.0 | 1.39 | 39.42 | 40.81 | OK | |
r-release-macos-arm64 | 0.1.0 | 26.00 | OK | |||
r-release-macos-x86_64 | 0.1.0 | 40.00 | OK | |||
r-release-windows-x86_64 | 0.1.0 | 4.00 | 55.00 | 59.00 | OK | |
r-oldrel-macos-arm64 | 0.1.0 | 21.00 | OK | |||
r-oldrel-windows-x86_64 | 0.1.0 | 4.00 | 60.00 | 64.00 | OK |
Version: 0.1.0
Check: examples
Result: ERROR
Running examples in 'ensembleR-Ex.R' failed
The error most likely occurred in:
> ### Name: ensemble
> ### Title: Perform Ensemble modelling using Caret Package.
> ### Aliases: ensemble
>
> ### ** Examples
>
> data(iris)
> preds <- ensemble(iris[1:125,],iris[125:150,],'Species',c('treebag','rpart'),'rpart')
Loading required package: ggplot2
Loading required package: lattice
Flavor: r-devel-windows-x86_64