CRAN Package Check Results for Package epandist

Last updated on 2025-10-23 02:49:53 CEST.

Flavor Version Tinstall Tcheck Ttotal Status Flags
r-devel-linux-x86_64-debian-clang 1.1.1 1.72 23.06 24.78 OK
r-devel-linux-x86_64-debian-gcc 1.1.1 1.32 19.79 21.11 OK
r-devel-linux-x86_64-fedora-clang 1.1.1 38.84 OK
r-devel-linux-x86_64-fedora-gcc 1.1.1 51.45 OK
r-devel-windows-x86_64 1.1.1 3.00 43.00 46.00 OK
r-patched-linux-x86_64 1.1.1 1.54 22.12 23.66 OK
r-release-linux-x86_64 1.1.1 1.70 21.92 23.62 OK
r-release-macos-arm64 1.1.1 1.00 22.00 23.00 OK
r-release-macos-x86_64 1.1.1 2.00 38.00 40.00 OK
r-release-windows-x86_64 1.1.1 3.00 44.00 47.00 OK
r-oldrel-macos-arm64 1.1.1 1.00 21.00 22.00 NOTE
r-oldrel-macos-x86_64 1.1.1 2.00 32.00 34.00 NOTE
r-oldrel-windows-x86_64 1.1.1 6.00 48.00 54.00 NOTE

Check Details

Version: 1.1.1
Check: LazyData
Result: NOTE 'LazyData' is specified without a 'data' directory Flavors: r-oldrel-macos-arm64, r-oldrel-macos-x86_64, r-oldrel-windows-x86_64