CRAN Package Check Results for Package epiflows

Last updated on 2022-07-03 01:48:53 CEST.

Flavor Version Tinstall Tcheck Ttotal Status Flags
r-devel-linux-x86_64-debian-clang 0.2.0 5.72 89.93 95.65 OK
r-devel-linux-x86_64-debian-gcc 0.2.0 3.35 64.78 68.13 OK
r-devel-linux-x86_64-fedora-clang 0.2.0 119.20 NOTE
r-devel-linux-x86_64-fedora-gcc 0.2.0 119.80 NOTE
r-devel-windows-x86_64 0.2.0 25.00 130.00 155.00 OK
r-patched-linux-x86_64 0.2.0 10.46 84.72 95.18 OK
r-release-linux-x86_64 0.2.0 3.04 86.04 89.08 OK
r-release-macos-arm64 0.2.0 37.00 NOTE
r-release-macos-x86_64 0.2.0 74.00 NOTE
r-release-windows-x86_64 0.2.0 28.00 128.00 156.00 OK
r-oldrel-macos-arm64 0.2.0 92.00 NOTE
r-oldrel-macos-x86_64 0.2.0 62.00 NOTE
r-oldrel-windows-ix86+x86_64 0.2.0 12.00 115.00 127.00 OK

Check Details

Version: 0.2.0
Check: dependencies in R code
Result: NOTE
    Namespace in Imports field not imported from: ‘htmlwidgets’
     All declared Imports should be used.
Flavors: r-devel-linux-x86_64-fedora-clang, r-devel-linux-x86_64-fedora-gcc, r-release-macos-arm64, r-release-macos-x86_64, r-oldrel-macos-arm64, r-oldrel-macos-x86_64