Last updated on 2024-04-18 01:55:13 CEST.
Flavor | Version | Tinstall | Tcheck | Ttotal | Status | Flags |
---|---|---|---|---|---|---|
r-devel-linux-x86_64-debian-clang | 0.6-5 | 10.74 | 62.84 | 73.58 | OK | |
r-devel-linux-x86_64-debian-gcc | 0.6-5 | 8.76 | 45.65 | 54.41 | OK | |
r-devel-linux-x86_64-fedora-clang | 0.6-5 | 90.31 | OK | |||
r-devel-linux-x86_64-fedora-gcc | 0.6-5 | 85.63 | OK | |||
r-prerel-macos-arm64 | 0.6-5 | 29.00 | OK | |||
r-prerel-windows-x86_64 | 0.6-5 | 9.00 | 73.00 | 82.00 | OK | |
r-patched-linux-x86_64 | 0.6-5 | 12.80 | 58.27 | 71.07 | OK | |
r-release-linux-x86_64 | 0.6-5 | 8.90 | 57.63 | 66.53 | OK | |
r-release-macos-arm64 | 0.6-5 | 30.00 | OK | |||
r-release-macos-x86_64 | 0.6-5 | 43.00 | NOTE | |||
r-release-windows-x86_64 | 0.6-5 | 15.00 | 81.00 | 96.00 | OK | |
r-oldrel-macos-arm64 | 0.6-5 | 24.00 | OK | |||
r-oldrel-windows-x86_64 | 0.6-5 | 15.00 | 83.00 | 98.00 | OK |
Version: 0.6-5
Check: package dependencies
Result: NOTE
Packages suggested but not available for checking:
'fields', 'forecast', 'imputeTS', 'lme4', 'statnet'
Flavor: r-release-macos-x86_64