CRAN Package Check Results for Package ergm

Last updated on 2025-05-09 01:50:04 CEST.

Flavor Version Tinstall Tcheck Ttotal Status Flags
r-devel-linux-x86_64-debian-clang 4.8.1 71.85 576.73 648.58 OK --no-vignettes
r-devel-linux-x86_64-debian-gcc 4.8.1 53.92 376.64 430.56 OK --no-vignettes
r-devel-linux-x86_64-fedora-clang 4.8.1 1095.29 OK
r-devel-linux-x86_64-fedora-gcc 4.8.1 1102.95 OK
r-devel-windows-x86_64 4.8.1 104.00 202.00 306.00 OK --no-examples --no-tests --no-vignettes
r-patched-linux-x86_64 4.8.1 85.46 533.39 618.85 WARN --no-vignettes
r-release-linux-x86_64 4.8.1 75.06 537.56 612.62 OK --no-vignettes
r-release-macos-arm64 4.8.1 365.00 OK
r-release-macos-x86_64 4.8.1 548.00 OK
r-release-windows-x86_64 4.8.1 107.00 212.00 319.00 OK --no-examples --no-tests --no-vignettes
r-oldrel-macos-arm64 4.8.1 264.00 NOTE
r-oldrel-macos-x86_64 4.8.1 523.00 NOTE
r-oldrel-windows-x86_64 4.8.1 126.00 201.00 327.00 OK --no-examples --no-tests --no-vignettes

Check Details

Version: 4.8.1
Flags: --no-vignettes
Check: whether package can be installed
Result: WARN Found the following significant warnings: Rd warning: no hsearch.rds meta data for package ergm See ‘/home/hornik/tmp/R.check/r-patched-gcc/Work/PKGS/ergm.Rcheck/00install.out’ for details. * used C compiler: ‘gcc-14 (Debian 14.2.0-19) 14.2.0’ Flavor: r-patched-linux-x86_64

Version: 4.8.1
Check: installed package size
Result: NOTE installed size is 8.3Mb sub-directories of 1Mb or more: R 2.0Mb doc 1.3Mb libs 3.2Mb Flavors: r-oldrel-macos-arm64, r-oldrel-macos-x86_64