Last updated on 2022-05-18 01:49:51 CEST.
Flavor | Version | Tinstall | Tcheck | Ttotal | Status | Flags |
---|---|---|---|---|---|---|
r-devel-linux-x86_64-debian-clang | 0.2.1 | 20.67 | 136.42 | 157.09 | OK | |
r-devel-linux-x86_64-debian-gcc | 0.2.1 | 17.20 | 101.52 | 118.72 | OK | |
r-devel-linux-x86_64-fedora-clang | 0.2.1 | 190.46 | NOTE | |||
r-devel-linux-x86_64-fedora-gcc | 0.2.1 | 178.30 | NOTE | |||
r-devel-windows-x86_64 | 0.2.1 | 87.00 | 166.00 | 253.00 | NOTE | |
r-patched-linux-x86_64 | 0.2.1 | 14.62 | 128.26 | 142.88 | OK | |
r-release-linux-x86_64 | 0.2.1 | 12.59 | 127.71 | 140.30 | OK | |
r-release-macos-arm64 | 0.2.1 | 49.00 | NOTE | |||
r-release-macos-x86_64 | 0.2.1 | 74.00 | NOTE | |||
r-release-windows-x86_64 | 0.2.1 | 89.00 | 153.00 | 242.00 | NOTE | |
r-oldrel-macos-arm64 | 0.2.1 | 47.00 | NOTE | |||
r-oldrel-macos-x86_64 | 0.2.1 | 63.00 | NOTE | |||
r-oldrel-windows-ix86+x86_64 | 0.2.1 | 40.00 | 141.00 | 181.00 | OK |
Version: 0.2.1
Check: installed package size
Result: NOTE
installed size is 5.0Mb
sub-directories of 1Mb or more:
data 3.1Mb
help 1.5Mb
Flavors: r-devel-linux-x86_64-fedora-clang, r-devel-windows-x86_64, r-release-macos-arm64, r-release-windows-x86_64, r-oldrel-macos-arm64
Version: 0.2.1
Check: dependencies in R code
Result: NOTE
Namespace in Imports field not imported from: ‘magrittr’
All declared Imports should be used.
Flavors: r-devel-linux-x86_64-fedora-clang, r-devel-linux-x86_64-fedora-gcc, r-release-macos-arm64, r-release-macos-x86_64, r-oldrel-macos-arm64, r-oldrel-macos-x86_64
Version: 0.2.1
Check: data for non-ASCII characters
Result: NOTE
Note: found 3 marked UTF-8 strings
Flavors: r-devel-linux-x86_64-fedora-clang, r-devel-linux-x86_64-fedora-gcc, r-release-macos-arm64, r-release-macos-x86_64, r-oldrel-macos-arm64, r-oldrel-macos-x86_64