CRAN Package Check Results for Package estatapi

Last updated on 2022-01-17 01:48:20 CET.

Flavor Version Tinstall Tcheck Ttotal Status Flags
r-devel-linux-x86_64-debian-clang 0.4.0 1.79 34.82 36.61 NOTE
r-devel-linux-x86_64-debian-gcc 0.4.0 1.87 26.75 28.62 NOTE
r-devel-linux-x86_64-fedora-clang 0.4.0 45.60 NOTE
r-devel-linux-x86_64-fedora-gcc 0.4.0 34.39 NOTE
r-devel-windows-x86_64-new-UL 0.4.0 28.00 53.00 81.00 NOTE
r-devel-windows-x86_64-new-TK 0.4.0 NOTE
r-patched-linux-x86_64 0.4.0 1.79 33.09 34.88 NOTE
r-release-linux-x86_64 0.4.0 NOTE
r-release-macos-arm64 0.4.0 NOTE
r-release-macos-x86_64 0.4.0 NOTE
r-release-windows-ix86+x86_64 0.4.0 6.00 42.00 48.00 NOTE
r-oldrel-macos-x86_64 0.4.0 OK
r-oldrel-windows-ix86+x86_64 0.4.0 7.00 43.00 50.00 OK

Check Details

Version: 0.4.0
Check: LazyData
Result: NOTE
     'LazyData' is specified without a 'data' directory
Flavors: r-devel-linux-x86_64-debian-clang, r-devel-linux-x86_64-debian-gcc, r-devel-linux-x86_64-fedora-clang, r-devel-linux-x86_64-fedora-gcc, r-devel-windows-x86_64-new-UL, r-devel-windows-x86_64-new-TK, r-patched-linux-x86_64, r-release-linux-x86_64, r-release-macos-arm64, r-release-macos-x86_64, r-release-windows-ix86+x86_64