Last updated on 2025-11-12 01:48:57 CET.
| Flavor | Version | Tinstall | Tcheck | Ttotal | Status | Flags |
|---|---|---|---|---|---|---|
| r-devel-linux-x86_64-debian-clang | 1.0.6 | 78.60 | 128.61 | 207.21 | OK | |
| r-devel-linux-x86_64-debian-gcc | 1.0.6 | 64.20 | 92.59 | 156.79 | OK | |
| r-devel-linux-x86_64-fedora-clang | 1.0.6 | 291.00 | 55.34 | 346.34 | OK | |
| r-devel-linux-x86_64-fedora-gcc | 1.0.6 | 183.00 | 171.58 | 354.58 | OK | |
| r-devel-windows-x86_64 | 1.0.6 | 82.00 | 144.00 | 226.00 | OK | |
| r-patched-linux-x86_64 | 1.0.6 | 89.39 | 130.11 | 219.50 | OK | |
| r-release-linux-x86_64 | 1.0.6 | 86.26 | 130.18 | 216.44 | OK | |
| r-release-macos-arm64 | 1.0.6 | 32.00 | 55.00 | 87.00 | OK | |
| r-release-macos-x86_64 | 1.0.6 | 62.00 | 119.00 | 181.00 | OK | |
| r-release-windows-x86_64 | 1.0.6 | 83.00 | 146.00 | 229.00 | OK | |
| r-oldrel-macos-arm64 | 1.0.6 | 34.00 | 70.00 | 104.00 | NOTE | |
| r-oldrel-macos-x86_64 | 1.0.6 | 62.00 | 135.00 | 197.00 | NOTE | |
| r-oldrel-windows-x86_64 | 1.0.6 | 100.00 | 196.00 | 296.00 | OK |
Version: 1.0.6
Check: installed package size
Result: NOTE
installed size is 39.9Mb
sub-directories of 1Mb or more:
libs 39.6Mb
Flavors: r-oldrel-macos-arm64, r-oldrel-macos-x86_64