Last updated on 2024-08-16 01:48:17 CEST.
Flavor | Version | Tinstall | Tcheck | Ttotal | Status | Flags |
---|---|---|---|---|---|---|
r-devel-linux-x86_64-debian-clang | 1.3.5 | 43.33 | 28.08 | 71.41 | NOTE | |
r-devel-linux-x86_64-debian-gcc | 1.3.5 | 31.32 | 21.67 | 52.99 | NOTE | |
r-devel-linux-x86_64-fedora-clang | 1.3.5 | 147.35 | NOTE | |||
r-devel-linux-x86_64-fedora-gcc | 1.3.5 | 138.72 | NOTE | |||
r-devel-windows-x86_64 | 1.3.5 | 53.00 | 68.00 | 121.00 | NOTE | |
r-patched-linux-x86_64 | 1.3.5 | 42.15 | 26.81 | 68.96 | NOTE | |
r-release-linux-x86_64 | 1.3.5 | 43.08 | 26.78 | 69.86 | NOTE | |
r-release-macos-arm64 | 1.3.5 | 37.00 | NOTE | |||
r-release-macos-x86_64 | 1.3.5 | 47.00 | NOTE | |||
r-release-windows-x86_64 | 1.3.5 | 51.00 | 67.00 | 118.00 | NOTE | |
r-oldrel-macos-arm64 | 1.3.5 | 42.00 | NOTE | |||
r-oldrel-macos-x86_64 | 1.3.5 | 71.00 | NOTE | |||
r-oldrel-windows-x86_64 | 1.3.5 | 62.00 | 78.00 | 140.00 | NOTE |
Version: 1.3.5
Check: C++ specification
Result: NOTE
Specified C++11: please drop specification unless essential
Flavors: r-devel-linux-x86_64-debian-clang, r-devel-linux-x86_64-debian-gcc, r-devel-linux-x86_64-fedora-clang, r-devel-linux-x86_64-fedora-gcc, r-devel-windows-x86_64, r-patched-linux-x86_64, r-release-linux-x86_64, r-release-macos-arm64, r-release-macos-x86_64, r-release-windows-x86_64, r-oldrel-macos-arm64, r-oldrel-macos-x86_64, r-oldrel-windows-x86_64