Last updated on 2024-03-28 01:53:56 CET.
Flavor | Version | Tinstall | Tcheck | Ttotal | Status | Flags |
---|---|---|---|---|---|---|
r-devel-linux-x86_64-debian-clang | 1.2.0 | 7.50 | 247.32 | 254.82 | NOTE | |
r-devel-linux-x86_64-debian-gcc | 1.2.0 | 9.70 | 188.35 | 198.05 | NOTE | |
r-devel-linux-x86_64-fedora-clang | 1.2.0 | 370.44 | NOTE | |||
r-devel-linux-x86_64-fedora-gcc | 1.2.0 | 322.58 | NOTE | |||
r-devel-windows-x86_64 | 1.2.0 | 11.00 | 210.00 | 221.00 | NOTE | |
r-patched-linux-x86_64 | 1.2.0 | 11.92 | 243.18 | 255.10 | OK | |
r-release-linux-x86_64 | 1.2.0 | 7.34 | 243.20 | 250.54 | OK | |
r-release-macos-arm64 | 1.2.0 | 111.00 | OK | |||
r-release-macos-x86_64 | 1.2.0 | 210.00 | OK | |||
r-release-windows-x86_64 | 1.2.0 | 14.00 | 249.00 | 263.00 | OK | |
r-oldrel-macos-arm64 | 1.2.0 | 123.00 | OK | |||
r-oldrel-windows-x86_64 | 1.2.0 | 16.00 | 255.00 | 271.00 | OK |
Version: 1.2.0
Check: HTML version of manual
Result: NOTE
Found the following HTML validation problems:
explain_forest.html:59:1 (explain_forest.Rd:21): Warning: trimming empty <dt>
Flavors: r-devel-linux-x86_64-debian-clang, r-devel-linux-x86_64-debian-gcc, r-devel-linux-x86_64-fedora-clang, r-devel-linux-x86_64-fedora-gcc, r-devel-windows-x86_64