Last updated on 2024-04-17 01:49:43 CEST.
Flavor | Version | Tinstall | Tcheck | Ttotal | Status | Flags |
---|---|---|---|---|---|---|
r-devel-linux-x86_64-debian-clang | 1.10.0 | 545.00 | 95.52 | 640.52 | OK | |
r-devel-linux-x86_64-debian-gcc | 1.10.0 | 382.26 | 72.91 | 455.17 | OK | |
r-devel-linux-x86_64-fedora-clang | 1.10.0 | 973.39 | OK | |||
r-devel-linux-x86_64-fedora-gcc | 1.10.0 | 927.26 | OK | |||
r-prerel-macos-arm64 | 1.10.0 | 144.00 | NOTE | |||
r-prerel-windows-x86_64 | 1.10.0 | 377.00 | 128.00 | 505.00 | OK | |
r-patched-linux-x86_64 | 1.10.0 | 498.75 | 91.35 | 590.10 | OK | |
r-release-linux-x86_64 | 1.10.0 | 511.74 | 93.75 | 605.49 | OK | |
r-release-macos-arm64 | 1.10.0 | 171.00 | NOTE | |||
r-release-macos-x86_64 | 1.10.0 | 193.00 | NOTE | |||
r-release-windows-x86_64 | 1.10.0 | 359.00 | 163.00 | 522.00 | OK | |
r-oldrel-macos-arm64 | 1.10.0 | 172.00 | NOTE | |||
r-oldrel-windows-x86_64 | 1.10.0 | 444.00 | 146.00 | 590.00 | OK |
Version: 1.10.0
Check: installed package size
Result: NOTE
installed size is 12.1Mb
sub-directories of 1Mb or more:
libs 11.4Mb
Flavors: r-prerel-macos-arm64, r-release-macos-arm64, r-release-macos-x86_64, r-oldrel-macos-arm64