CRAN Package Check Results for Package extrafont

Last updated on 2020-03-31 11:49:09 CEST.

Flavor Version Tinstall Tcheck Ttotal Status Flags
r-devel-linux-x86_64-debian-clang 0.17 2.47 19.88 22.35 NOTE
r-devel-linux-x86_64-debian-gcc 0.17 1.94 16.01 17.95 NOTE
r-devel-linux-x86_64-fedora-clang 0.17 27.74 NOTE
r-devel-linux-x86_64-fedora-gcc 0.17 26.84 NOTE
r-devel-windows-ix86+x86_64 0.17 6.00 45.00 51.00 NOTE
r-devel-windows-ix86+x86_64-gcc8 0.17 4.00 32.00 36.00 NOTE
r-patched-linux-x86_64 0.17 2.17 19.42 21.59 NOTE
r-patched-solaris-x86 0.17 43.60 NOTE
r-release-linux-x86_64 0.17 1.74 18.07 19.81 NOTE
r-release-windows-ix86+x86_64 0.17 11.00 45.00 56.00 NOTE
r-release-osx-x86_64 0.17 NOTE
r-oldrel-windows-ix86+x86_64 0.17 5.00 44.00 49.00 NOTE
r-oldrel-osx-x86_64 0.17 NOTE

Check Details

Version: 0.17
Check: R code for possible problems
Result: NOTE
    font_install: no visible global function definition for
     'installed.packages'
    font_install: no visible global function definition for
     'install.packages'
    fonttable_add: no visible global function definition for 'write.csv'
    Undefined global functions or variables:
     install.packages installed.packages write.csv
    Consider adding
     importFrom("utils", "install.packages", "installed.packages",
     "write.csv")
    to your NAMESPACE file.
Flavors: r-devel-linux-x86_64-debian-clang, r-devel-linux-x86_64-debian-gcc, r-devel-linux-x86_64-fedora-clang, r-devel-linux-x86_64-fedora-gcc, r-devel-windows-ix86+x86_64, r-devel-windows-ix86+x86_64-gcc8, r-patched-linux-x86_64, r-patched-solaris-x86, r-release-linux-x86_64, r-release-windows-ix86+x86_64, r-release-osx-x86_64, r-oldrel-windows-ix86+x86_64, r-oldrel-osx-x86_64