Last updated on 2023-06-07 02:00:59 CEST.
Flavor | Version | Tinstall | Tcheck | Ttotal | Status | Flags |
---|---|---|---|---|---|---|
r-devel-linux-x86_64-debian-clang | 1.0.2 | 47.66 | 197.06 | 244.72 | NOTE | |
r-devel-linux-x86_64-debian-gcc | 1.0.2 | 30.13 | 151.98 | 182.11 | NOTE | |
r-devel-linux-x86_64-fedora-clang | 1.0.2 | 307.89 | NOTE | |||
r-devel-linux-x86_64-fedora-gcc | 1.0.2 | 308.78 | NOTE | |||
r-devel-windows-x86_64 | 1.0.2 | 37.00 | 185.00 | 222.00 | NOTE | |
r-patched-linux-x86_64 | 1.0.2 | 38.25 | 190.72 | 228.97 | NOTE | |
r-release-linux-x86_64 | 1.0.2 | 36.59 | 190.66 | 227.25 | NOTE | |
r-release-macos-arm64 | 1.0.2 | 101.00 | NOTE | |||
r-release-macos-x86_64 | 1.0.2 | 160.00 | NOTE | |||
r-release-windows-x86_64 | 1.0.2 | 45.00 | 223.00 | 268.00 | NOTE | |
r-oldrel-macos-arm64 | 1.0.2 | 76.00 | NOTE | |||
r-oldrel-macos-x86_64 | 1.0.2 | 113.00 | NOTE | |||
r-oldrel-windows-x86_64 | 1.0.2 | 45.00 | 220.00 | 265.00 | NOTE |
Version: 1.0.2
Check: package dependencies
Result: NOTE
Package suggested but not available for checking: ‘exuberdata’
Flavors: r-devel-linux-x86_64-debian-clang, r-devel-linux-x86_64-debian-gcc, r-devel-linux-x86_64-fedora-clang, r-devel-linux-x86_64-fedora-gcc, r-devel-windows-x86_64, r-patched-linux-x86_64, r-release-linux-x86_64, r-release-macos-arm64, r-release-macos-x86_64, r-release-windows-x86_64, r-oldrel-macos-arm64, r-oldrel-macos-x86_64, r-oldrel-windows-x86_64