CRAN Package Check Results for Package ezmmek

Last updated on 2022-01-17 01:48:21 CET.

Flavor Version Tinstall Tcheck Ttotal Status Flags
r-devel-linux-x86_64-debian-clang 0.2.4 2.61 47.62 50.23 NOTE
r-devel-linux-x86_64-debian-gcc 0.2.4 2.26 36.57 38.83 NOTE
r-devel-linux-x86_64-fedora-clang 0.2.4 61.52 NOTE
r-devel-linux-x86_64-fedora-gcc 0.2.4 51.18 NOTE
r-devel-windows-x86_64-new-UL 0.2.4 38.00 71.00 109.00 NOTE
r-devel-windows-x86_64-new-TK 0.2.4 NOTE
r-patched-linux-x86_64 0.2.4 2.82 45.13 47.95 NOTE
r-release-linux-x86_64 0.2.4 NOTE
r-release-macos-arm64 0.2.4 NOTE
r-release-macos-x86_64 0.2.4 NOTE
r-release-windows-ix86+x86_64 0.2.4 6.00 58.00 64.00 NOTE
r-oldrel-macos-x86_64 0.2.4 OK
r-oldrel-windows-ix86+x86_64 0.2.4 8.00 56.00 64.00 OK

Check Details

Version: 0.2.4
Check: LazyData
Result: NOTE
     'LazyData' is specified without a 'data' directory
Flavors: r-devel-linux-x86_64-debian-clang, r-devel-linux-x86_64-debian-gcc, r-devel-linux-x86_64-fedora-clang, r-devel-linux-x86_64-fedora-gcc, r-devel-windows-x86_64-new-UL, r-devel-windows-x86_64-new-TK, r-patched-linux-x86_64, r-release-linux-x86_64, r-release-macos-arm64, r-release-macos-x86_64, r-release-windows-ix86+x86_64