Last updated on 2022-07-04 02:53:30 CEST.
Flavor | Version | Tinstall | Tcheck | Ttotal | Status | Flags |
---|---|---|---|---|---|---|
r-devel-linux-x86_64-debian-clang | 0.1.5 | 8.47 | 71.85 | 80.32 | NOTE | |
r-devel-linux-x86_64-debian-gcc | 0.1.5 | 6.03 | 54.26 | 60.29 | NOTE | |
r-devel-linux-x86_64-fedora-clang | 0.1.5 | 107.24 | WARN | |||
r-devel-linux-x86_64-fedora-gcc | 0.1.5 | 105.42 | WARN | |||
r-devel-windows-x86_64 | 0.1.5 | 11.00 | 94.00 | 105.00 | NOTE | |
r-patched-linux-x86_64 | 0.1.5 | 9.22 | 68.66 | 77.88 | NOTE | |
r-release-linux-x86_64 | 0.1.5 | 7.06 | 68.31 | 75.37 | NOTE | |
r-release-macos-arm64 | 0.1.5 | 31.00 | NOTE | |||
r-release-macos-x86_64 | 0.1.5 | 51.00 | NOTE | |||
r-release-windows-x86_64 | 0.1.5 | 13.00 | 94.00 | 107.00 | NOTE | |
r-oldrel-macos-arm64 | 0.1.5 | 35.00 | NOTE | |||
r-oldrel-macos-x86_64 | 0.1.5 | 49.00 | NOTE | |||
r-oldrel-windows-ix86+x86_64 | 0.1.5 | 22.00 | 89.00 | 111.00 | NOTE |
Version: 0.1.5
Check: LazyData
Result: NOTE
'LazyData' is specified without a 'data' directory
Flavors: r-devel-linux-x86_64-debian-clang, r-devel-linux-x86_64-debian-gcc, r-devel-linux-x86_64-fedora-clang, r-devel-linux-x86_64-fedora-gcc, r-devel-windows-x86_64, r-patched-linux-x86_64, r-release-linux-x86_64, r-release-macos-arm64, r-release-macos-x86_64, r-release-windows-x86_64, r-oldrel-macos-arm64, r-oldrel-macos-x86_64, r-oldrel-windows-ix86+x86_64
Version: 0.1.5
Check: package dependencies
Result: WARN
Requires (indirectly) orphaned package: ‘gtools’
Flavors: r-devel-linux-x86_64-fedora-clang, r-devel-linux-x86_64-fedora-gcc