Last updated on 2024-04-19 01:58:42 CEST.
Flavor | Version | Tinstall | Tcheck | Ttotal | Status | Flags |
---|---|---|---|---|---|---|
r-devel-linux-x86_64-debian-clang | 0.1.5 | 8.79 | 68.55 | 77.34 | NOTE | |
r-devel-linux-x86_64-debian-gcc | 0.1.5 | 6.95 | 49.89 | 56.84 | NOTE | |
r-devel-linux-x86_64-fedora-clang | 0.1.5 | 97.52 | NOTE | |||
r-devel-linux-x86_64-fedora-gcc | 0.1.5 | 89.58 | NOTE | |||
r-prerel-macos-arm64 | 0.1.5 | 30.00 | NOTE | |||
r-prerel-windows-x86_64 | 0.1.5 | 9.00 | 67.00 | 76.00 | NOTE | |
r-patched-linux-x86_64 | 0.1.5 | 9.18 | 64.12 | 73.30 | NOTE | |
r-release-linux-x86_64 | 0.1.5 | 7.82 | 63.13 | 70.95 | NOTE | |
r-release-macos-arm64 | 0.1.5 | 30.00 | NOTE | |||
r-release-macos-x86_64 | 0.1.5 | 44.00 | NOTE | |||
r-release-windows-x86_64 | 0.1.5 | 11.00 | 78.00 | 89.00 | NOTE | |
r-oldrel-macos-arm64 | 0.1.5 | 31.00 | NOTE | |||
r-oldrel-windows-x86_64 | 0.1.5 | 12.00 | 82.00 | 94.00 | NOTE |
Version: 0.1.5
Check: LazyData
Result: NOTE
'LazyData' is specified without a 'data' directory
Flavors: r-devel-linux-x86_64-debian-clang, r-devel-linux-x86_64-debian-gcc, r-devel-linux-x86_64-fedora-clang, r-devel-linux-x86_64-fedora-gcc, r-prerel-macos-arm64, r-prerel-windows-x86_64, r-patched-linux-x86_64, r-release-linux-x86_64, r-release-macos-arm64, r-release-macos-x86_64, r-release-windows-x86_64, r-oldrel-macos-arm64, r-oldrel-windows-x86_64