CRAN Package Check Results for Package fabricatr

Last updated on 2020-07-13 19:48:26 CEST.

Flavor Version Tinstall Tcheck Ttotal Status Flags
r-devel-linux-x86_64-debian-clang 0.10.0 3.45 35.46 38.91 OK
r-devel-linux-x86_64-debian-gcc 0.10.0 2.79 27.85 30.64 OK
r-devel-linux-x86_64-fedora-clang 0.10.0 55.50 OK
r-devel-linux-x86_64-fedora-gcc 0.10.0 47.39 OK
r-devel-windows-ix86+x86_64 0.10.0 11.00 59.00 70.00 OK
r-patched-linux-x86_64 0.10.0 3.84 35.01 38.85 OK
r-patched-solaris-x86 0.10.0 64.10 OK
r-release-linux-x86_64 0.10.0 3.44 34.43 37.87 OK
r-release-macos-x86_64 0.10.0 ERROR
r-release-windows-ix86+x86_64 0.10.0 9.00 42.00 51.00 OK
r-oldrel-macos-x86_64 0.10.0 OK
r-oldrel-windows-ix86+x86_64 0.10.0 8.00 46.00 54.00 OK

Check Details

Version: 0.10.0
Check: whether package can be installed
Result: ERROR
    Installation failed.
Flavor: r-release-macos-x86_64