CRAN Package Check Results for Package factoextra

Last updated on 2025-11-12 02:52:56 CET.

Flavor Version Tinstall Tcheck Ttotal Status Flags
r-devel-linux-x86_64-debian-clang 1.0.7 10.99 131.27 142.26 NOTE
r-devel-linux-x86_64-debian-gcc 1.0.7 6.91 86.11 93.02 NOTE
r-devel-linux-x86_64-fedora-clang 1.0.7 39.00 184.78 223.78 NOTE
r-devel-linux-x86_64-fedora-gcc 1.0.7 24.00 175.87 199.87 NOTE
r-devel-windows-x86_64 1.0.7 12.00 129.00 141.00 NOTE
r-patched-linux-x86_64 1.0.7 10.86 118.33 129.19 NOTE
r-release-linux-x86_64 1.0.7 9.67 120.64 130.31 NOTE
r-release-macos-arm64 1.0.7 4.00 41.00 45.00 NOTE
r-release-macos-x86_64 1.0.7 7.00 76.00 83.00 NOTE
r-release-windows-x86_64 1.0.7 13.00 129.00 142.00 NOTE
r-oldrel-macos-arm64 1.0.7 4.00 40.00 44.00 NOTE
r-oldrel-macos-x86_64 1.0.7 6.00 60.00 66.00 NOTE
r-oldrel-windows-x86_64 1.0.7 16.00 161.00 177.00 NOTE

Check Details

Version: 1.0.7
Check: Rd files
Result: NOTE checkRd: (-1) fviz_nbclust.Rd:75: Lost braces; missing escapes or markup? 75 | (2001) proposed: "the smallest k such that gap(k) >= gap(k+1) - s_{k+1}". | ^ checkRd: (-1) fviz_nbclust.Rd:77: Lost braces; missing escapes or markup? 77 | SE.factor*s_{k+1}" where SE.factor is a numeric value which can be 1 | ^ Flavors: r-devel-linux-x86_64-debian-clang, r-devel-linux-x86_64-debian-gcc, r-devel-linux-x86_64-fedora-clang, r-devel-linux-x86_64-fedora-gcc, r-devel-windows-x86_64, r-patched-linux-x86_64, r-release-linux-x86_64, r-release-macos-arm64, r-release-macos-x86_64, r-release-windows-x86_64, r-oldrel-macos-arm64, r-oldrel-macos-x86_64, r-oldrel-windows-x86_64