Last updated on 2022-05-23 01:50:08 CEST.
Flavor | Version | Tinstall | Tcheck | Ttotal | Status | Flags |
---|---|---|---|---|---|---|
r-devel-linux-x86_64-debian-clang | 0.4.0 | 17.35 | 214.14 | 231.49 | OK | |
r-devel-linux-x86_64-debian-gcc | 0.4.0 | 13.41 | 158.74 | 172.15 | OK | |
r-devel-linux-x86_64-fedora-clang | 0.4.0 | 266.71 | NOTE | |||
r-devel-linux-x86_64-fedora-gcc | 0.4.0 | 261.10 | NOTE | |||
r-devel-windows-x86_64 | 0.4.0 | 71.00 | 241.00 | 312.00 | OK | |
r-patched-linux-x86_64 | 0.4.0 | 15.88 | 200.25 | 216.13 | OK | |
r-release-linux-x86_64 | 0.4.0 | 15.60 | 200.86 | 216.46 | OK | |
r-release-macos-arm64 | 0.4.0 | 86.00 | NOTE | |||
r-release-macos-x86_64 | 0.4.0 | 150.00 | NOTE | |||
r-release-windows-x86_64 | 0.4.0 | 101.00 | 259.00 | 360.00 | OK | |
r-oldrel-macos-arm64 | 0.4.0 | 133.00 | NOTE | |||
r-oldrel-macos-x86_64 | 0.4.0 | 168.00 | NOTE | |||
r-oldrel-windows-ix86+x86_64 | 0.4.0 | 39.00 | 226.00 | 265.00 | OK |
Version: 0.4.0
Check: dependencies in R code
Result: NOTE
Namespaces in Imports field not imported from:
‘forcats’ ‘formula.tools’
All declared Imports should be used.
Flavors: r-devel-linux-x86_64-fedora-clang, r-devel-linux-x86_64-fedora-gcc, r-release-macos-arm64, r-release-macos-x86_64, r-oldrel-macos-arm64, r-oldrel-macos-x86_64