Last updated on 2024-04-19 01:58:42 CEST.
Flavor | Version | Tinstall | Tcheck | Ttotal | Status | Flags |
---|---|---|---|---|---|---|
r-devel-linux-x86_64-debian-clang | 0.2.7 | 8.60 | 197.01 | 205.61 | OK | |
r-devel-linux-x86_64-debian-gcc | 0.2.7 | 8.23 | 152.39 | 160.62 | OK | |
r-devel-linux-x86_64-fedora-clang | 0.2.7 | 272.58 | OK | |||
r-devel-linux-x86_64-fedora-gcc | 0.2.7 | 270.37 | OK | |||
r-prerel-macos-arm64 | 0.2.7 | 95.00 | ERROR | |||
r-prerel-windows-x86_64 | 0.2.7 | 11.00 | 223.00 | 234.00 | OK | |
r-patched-linux-x86_64 | 0.2.7 | 8.93 | 187.61 | 196.54 | OK | |
r-release-linux-x86_64 | 0.2.7 | 7.55 | 189.76 | 197.31 | OK | |
r-release-macos-arm64 | 0.2.7 | 96.00 | ERROR | |||
r-release-macos-x86_64 | 0.2.7 | 182.00 | OK | |||
r-release-windows-x86_64 | 0.2.7 | 13.00 | 238.00 | 251.00 | OK | |
r-oldrel-macos-arm64 | 0.2.7 | 91.00 | ERROR | |||
r-oldrel-windows-x86_64 | 0.2.7 | 14.00 | 241.00 | 255.00 | OK |
Version: 0.2.7
Check: re-building of vignette outputs
Result: ERROR
Error(s) in re-building vignettes:
--- re-building ‘jss.Rmd’ using rmarkdown
This is pdfTeX, Version 3.141592653-2.6-1.40.24 (TeX Live 2022) (preloaded format=pdflatex)
restricted \write18 enabled.
entering extended mode
kpathsea: Running mktexpk --mfmode / --bdpi 600 --mag 1+57/600 --dpi 657 bbm10
mkdir: ././opt/tex/texmf-var/fonts/pk/ljfour/public: Permission denied
mktexpk: /opt/tex/texmf-dist/web2c/mktexdir /opt/tex/texmf-var/fonts/pk/ljfour/public/bbm failed.
kpathsea: Appending font creation commands to missfont.log.
This is pdfTeX, Version 3.141592653-2.6-1.40.24 (TeX Live 2022) (preloaded format=pdflatex)
restricted \write18 enabled.
entering extended mode
kpathsea: Running mktexpk --mfmode / --bdpi 600 --mag 1+57/600 --dpi 657 bbm10
mkdir: ././opt/tex/texmf-var/fonts/pk/ljfour/public: Permission denied
mktexpk: /opt/tex/texmf-dist/web2c/mktexdir /opt/tex/texmf-var/fonts/pk/ljfour/public/bbm failed.
kpathsea: Appending font creation commands to missfont.log.
This is pdfTeX, Version 3.141592653-2.6-1.40.24 (TeX Live 2022) (preloaded format=pdflatex)
restricted \write18 enabled.
entering extended mode
kpathsea: Running mktexpk --mfmode / --bdpi 600 --mag 1+57/600 --dpi 657 bbm10
mkdir: ././opt/tex/texmf-var/fonts/pk/ljfour/public: Permission denied
mktexpk: /opt/tex/texmf-dist/web2c/mktexdir /opt/tex/texmf-var/fonts/pk/ljfour/public/bbm failed.
kpathsea: Appending font creation commands to missfont.log.
Error: processing vignette 'jss.Rmd' failed with diagnostics:
LaTeX failed to compile /Volumes/Builds/packages/big-sur-arm64/results/4.4/fairadapt.Rcheck/vign_test/fairadapt/vignettes/jss.tex. See https://yihui.org/tinytex/r/#debugging for debugging tips.
--- failed re-building ‘jss.Rmd’
SUMMARY: processing the following file failed:
‘jss.Rmd’
Error: Vignette re-building failed.
Execution halted
Flavor: r-prerel-macos-arm64
Version: 0.2.7
Check: re-building of vignette outputs
Result: ERROR
Error(s) in re-building vignettes:
--- re-building ‘jss.Rmd’ using rmarkdown
This is pdfTeX, Version 3.141592653-2.6-1.40.24 (TeX Live 2022) (preloaded format=pdflatex)
restricted \write18 enabled.
entering extended mode
kpathsea: Running mktexpk --mfmode / --bdpi 600 --mag 1+57/600 --dpi 657 bbm10
mkdir: ././opt/tex/texmf-var/fonts/pk/ljfour/public: Permission denied
mktexpk: /opt/tex/texmf-dist/web2c/mktexdir /opt/tex/texmf-var/fonts/pk/ljfour/public/bbm failed.
kpathsea: Appending font creation commands to missfont.log.
This is pdfTeX, Version 3.141592653-2.6-1.40.24 (TeX Live 2022) (preloaded format=pdflatex)
restricted \write18 enabled.
entering extended mode
kpathsea: Running mktexpk --mfmode / --bdpi 600 --mag 1+57/600 --dpi 657 bbm10
mkdir: ././opt/tex/texmf-var/fonts/pk/ljfour/public: Permission denied
mktexpk: /opt/tex/texmf-dist/web2c/mktexdir /opt/tex/texmf-var/fonts/pk/ljfour/public/bbm failed.
kpathsea: Appending font creation commands to missfont.log.
This is pdfTeX, Version 3.141592653-2.6-1.40.24 (TeX Live 2022) (preloaded format=pdflatex)
restricted \write18 enabled.
entering extended mode
kpathsea: Running mktexpk --mfmode / --bdpi 600 --mag 1+57/600 --dpi 657 bbm10
mkdir: ././opt/tex/texmf-var/fonts/pk/ljfour/public: Permission denied
mktexpk: /opt/tex/texmf-dist/web2c/mktexdir /opt/tex/texmf-var/fonts/pk/ljfour/public/bbm failed.
kpathsea: Appending font creation commands to missfont.log.
Error: processing vignette 'jss.Rmd' failed with diagnostics:
LaTeX failed to compile /Volumes/Builds/packages/big-sur-arm64/results/4.3/fairadapt.Rcheck/vign_test/fairadapt/vignettes/jss.tex. See https://yihui.org/tinytex/r/#debugging for debugging tips.
--- failed re-building ‘jss.Rmd’
SUMMARY: processing the following file failed:
‘jss.Rmd’
Error: Vignette re-building failed.
Execution halted
Flavor: r-release-macos-arm64
Version: 0.2.7
Check: re-building of vignette outputs
Result: ERROR
Error(s) in re-building vignettes:
--- re-building ‘jss.Rmd’ using rmarkdown
This is pdfTeX, Version 3.141592653-2.6-1.40.24 (TeX Live 2022) (preloaded format=pdflatex)
restricted \write18 enabled.
entering extended mode
kpathsea: Running mktexpk --mfmode / --bdpi 600 --mag 1+57/600 --dpi 657 bbm10
mkdir: ././opt/tex/texmf-var/fonts/pk/ljfour/public: Permission denied
mktexpk: /opt/tex/texmf-dist/web2c/mktexdir /opt/tex/texmf-var/fonts/pk/ljfour/public/bbm failed.
kpathsea: Appending font creation commands to missfont.log.
This is pdfTeX, Version 3.141592653-2.6-1.40.24 (TeX Live 2022) (preloaded format=pdflatex)
restricted \write18 enabled.
entering extended mode
kpathsea: Running mktexpk --mfmode / --bdpi 600 --mag 1+57/600 --dpi 657 bbm10
mkdir: ././opt/tex/texmf-var/fonts/pk/ljfour/public: Permission denied
mktexpk: /opt/tex/texmf-dist/web2c/mktexdir /opt/tex/texmf-var/fonts/pk/ljfour/public/bbm failed.
kpathsea: Appending font creation commands to missfont.log.
This is pdfTeX, Version 3.141592653-2.6-1.40.24 (TeX Live 2022) (preloaded format=pdflatex)
restricted \write18 enabled.
entering extended mode
kpathsea: Running mktexpk --mfmode / --bdpi 600 --mag 1+57/600 --dpi 657 bbm10
mkdir: ././opt/tex/texmf-var/fonts/pk/ljfour/public: Permission denied
mktexpk: /opt/tex/texmf-dist/web2c/mktexdir /opt/tex/texmf-var/fonts/pk/ljfour/public/bbm failed.
kpathsea: Appending font creation commands to missfont.log.
Error: processing vignette 'jss.Rmd' failed with diagnostics:
LaTeX failed to compile /Volumes/Builds/packages/big-sur-arm64/results/4.2/fairadapt.Rcheck/vign_test/fairadapt/vignettes/jss.tex. See https://yihui.org/tinytex/r/#debugging for debugging tips.
--- failed re-building ‘jss.Rmd’
SUMMARY: processing the following file failed:
‘jss.Rmd’
Error: Vignette re-building failed.
Execution halted
Flavor: r-oldrel-macos-arm64