Last updated on 2022-06-30 01:49:08 CEST.
Flavor | Version | Tinstall | Tcheck | Ttotal | Status | Flags |
---|---|---|---|---|---|---|
r-devel-linux-x86_64-debian-clang | 2.21.1 | 4.64 | 28.98 | 33.62 | NOTE | |
r-devel-linux-x86_64-debian-gcc | 2.21.1 | 3.46 | 22.52 | 25.98 | NOTE | |
r-devel-linux-x86_64-fedora-clang | 2.21.1 | 51.68 | NOTE | |||
r-devel-linux-x86_64-fedora-gcc | 2.21.1 | 51.27 | NOTE | |||
r-devel-windows-x86_64 | 2.21.1 | 15.00 | 56.00 | 71.00 | NOTE | |
r-patched-linux-x86_64 | 2.21.1 | 4.60 | 28.49 | 33.09 | NOTE | |
r-release-linux-x86_64 | 2.21.1 | 3.79 | 28.08 | 31.87 | NOTE | |
r-release-macos-arm64 | 2.21.1 | 17.00 | NOTE | |||
r-release-macos-x86_64 | 2.21.1 | 25.00 | NOTE | |||
r-release-windows-x86_64 | 2.21.1 | 15.00 | 53.00 | 68.00 | NOTE | |
r-oldrel-macos-arm64 | 2.21.1 | 20.00 | NOTE | |||
r-oldrel-macos-x86_64 | 2.21.1 | 28.00 | NOTE | |||
r-oldrel-windows-ix86+x86_64 | 2.21.1 | 12.00 | 56.00 | 68.00 | NOTE |
Version: 2.21.1
Check: R code for possible problems
Result: NOTE
File 'fame/R/windows/zzz.R':
.onLoad calls:
packageStartupMessage("FAME environment variable not set; assuming ", defaultDir)
packageStartupMessage("FAME directory ", fameDir, " not found.\n", "If you have FAME installed, specify it's location ", "via the FAME environment variable.\n", "Otherwise, this package is pretty useless.\n")
See section 'Good practice' in '?.onAttach'.
Flavors: r-devel-linux-x86_64-debian-clang, r-devel-linux-x86_64-debian-gcc, r-devel-linux-x86_64-fedora-clang, r-devel-linux-x86_64-fedora-gcc, r-devel-windows-x86_64, r-patched-linux-x86_64, r-release-linux-x86_64, r-release-macos-arm64, r-release-macos-x86_64, r-release-windows-x86_64, r-oldrel-macos-arm64, r-oldrel-macos-x86_64, r-oldrel-windows-ix86+x86_64
Version: 2.21.1
Check: compiled code
Result: NOTE
File ‘fame/libs/fame.so’:
Found no calls to: ‘R_registerRoutines’, ‘R_useDynamicSymbols’
It is good practice to register native routines and to disable symbol
search.
See ‘Writing portable packages’ in the ‘Writing R Extensions’ manual.
Flavors: r-devel-linux-x86_64-fedora-clang, r-devel-linux-x86_64-fedora-gcc