Last updated on 2024-04-19 01:58:42 CEST.
Flavor | Version | Tinstall | Tcheck | Ttotal | Status | Flags |
---|---|---|---|---|---|---|
r-devel-linux-x86_64-debian-clang | 1.4.6 | 71.83 | 791.61 | 863.44 | OK | |
r-devel-linux-x86_64-debian-gcc | 1.4.6 | 63.99 | 575.30 | 639.29 | OK | |
r-devel-linux-x86_64-fedora-clang | 1.4.6 | 1136.44 | NOTE | |||
r-devel-linux-x86_64-fedora-gcc | 1.4.6 | 1100.63 | OK | |||
r-prerel-macos-arm64 | 1.4.6 | 220.00 | NOTE | |||
r-prerel-macos-x86_64 | 1.4.6 | 619.00 | NOTE | |||
r-prerel-windows-x86_64 | 1.4.6 | 64.00 | 396.00 | 460.00 | NOTE | |
r-patched-linux-x86_64 | 1.4.6 | 80.09 | 737.87 | 817.96 | OK | |
r-release-linux-x86_64 | 1.4.6 | 66.17 | 736.84 | 803.01 | OK | |
r-release-macos-arm64 | 1.4.6 | 219.00 | NOTE | |||
r-release-macos-x86_64 | 1.4.6 | 602.00 | NOTE | |||
r-release-windows-x86_64 | 1.4.6 | 85.00 | 533.00 | 618.00 | NOTE | |
r-oldrel-macos-arm64 | 1.4.6 | 208.00 | NOTE | |||
r-oldrel-windows-x86_64 | 1.4.6 | 87.00 | 469.00 | 556.00 | NOTE |
Version: 1.4.6
Check: installed package size
Result: NOTE
installed size is 5.9Mb
sub-directories of 1Mb or more:
R 3.5Mb
doc 1.0Mb
help 1.2Mb
Flavors: r-devel-linux-x86_64-fedora-clang, r-prerel-macos-arm64, r-prerel-macos-x86_64, r-prerel-windows-x86_64, r-release-macos-arm64, r-release-macos-x86_64, r-release-windows-x86_64, r-oldrel-macos-arm64, r-oldrel-windows-x86_64