Last updated on 2025-05-06 02:50:18 CEST.
Flavor | Version | Tinstall | Tcheck | Ttotal | Status | Flags |
---|---|---|---|---|---|---|
r-devel-linux-x86_64-debian-clang | 1.5 | 14.90 | 151.99 | 166.89 | NOTE | |
r-devel-linux-x86_64-debian-gcc | 1.5 | 9.87 | 109.12 | 118.99 | NOTE | |
r-devel-linux-x86_64-fedora-clang | 1.5 | 253.06 | OK | |||
r-devel-linux-x86_64-fedora-gcc | 1.5 | 251.99 | OK | |||
r-devel-windows-x86_64 | 1.5 | 16.00 | 181.00 | 197.00 | NOTE | |
r-patched-linux-x86_64 | 1.5 | 15.67 | 142.35 | 158.02 | NOTE | |
r-release-linux-x86_64 | 1.5 | 13.75 | 144.73 | 158.48 | NOTE | |
r-release-macos-arm64 | 1.5 | 88.00 | OK | |||
r-release-macos-x86_64 | 1.5 | 138.00 | OK | |||
r-release-windows-x86_64 | 1.5 | 19.00 | 168.00 | 187.00 | NOTE | |
r-oldrel-macos-arm64 | 1.5 | 92.00 | OK | |||
r-oldrel-macos-x86_64 | 1.5 | 120.00 | OK | |||
r-oldrel-windows-x86_64 | 1.5 | 22.00 | 189.00 | 211.00 | OK |
Version: 1.5
Check: CRAN incoming feasibility
Result: NOTE
Maintainer: ‘Sonja Kuhnt <sonja.kuhnt@fh-dortmund.de>’
No Authors@R field in DESCRIPTION.
Please add one, modifying
Authors@R: c(person(given = "Jana",
family = "Fruth",
role = "aut"),
person(given = "Thomas",
family = "Muehlenstaedt",
role = "aut"),
person(given = "Olivier",
family = "Roustant",
role = "aut"),
person(given = "Malte",
family = "Jastrow",
role = "aut"),
person(given = "Sonja",
family = "Kuhnt",
role = c("aut", "cre"),
email = "sonja.kuhnt@fh-dortmund.de"))
as necessary.
Flavors: r-devel-linux-x86_64-debian-clang, r-devel-linux-x86_64-debian-gcc
Version: 1.5
Check: Rd cross-references
Result: NOTE
Found the following Rd file(s) with Rd \link{} targets missing package
anchors:
kmPredictWrapper.Rd: predict.km, fast99
Please provide package anchors for all Rd \link{} targets not in the
package itself and the base packages.
Flavors: r-devel-linux-x86_64-debian-clang, r-devel-linux-x86_64-debian-gcc, r-devel-windows-x86_64, r-patched-linux-x86_64, r-release-linux-x86_64, r-release-windows-x86_64