Last updated on 2025-07-16 01:50:29 CEST.
Flavor | Version | Tinstall | Tcheck | Ttotal | Status | Flags |
---|---|---|---|---|---|---|
r-devel-linux-x86_64-debian-clang | 2.2.2 | 20.78 | 158.20 | 178.98 | OK | |
r-devel-linux-x86_64-debian-gcc | 2.2.2 | 15.56 | 100.10 | 115.66 | OK | |
r-devel-linux-x86_64-fedora-clang | 2.2.2 | 276.88 | OK | |||
r-devel-linux-x86_64-fedora-gcc | 2.2.2 | 279.21 | OK | |||
r-devel-windows-x86_64 | 2.2.2 | 26.00 | 216.00 | 242.00 | OK | |
r-patched-linux-x86_64 | 2.2.2 | 22.44 | 153.10 | 175.54 | OK | |
r-release-linux-x86_64 | 2.2.2 | 23.06 | 154.24 | 177.30 | OK | |
r-release-macos-arm64 | 2.2.2 | 91.00 | OK | |||
r-release-macos-x86_64 | 2.2.2 | 208.00 | OK | |||
r-release-windows-x86_64 | 2.2.2 | 28.00 | 226.00 | 254.00 | OK | |
r-oldrel-macos-arm64 | 2.2.2 | 57.00 | NOTE | |||
r-oldrel-macos-x86_64 | 2.2.2 | 104.00 | NOTE | |||
r-oldrel-windows-x86_64 | 2.2.2 | 26.00 | 291.00 | 317.00 | NOTE |
Version: 2.2.2
Check: for GNU extensions in Makefiles
Result: NOTE
GNU make is a SystemRequirements.
Flavors: r-oldrel-macos-arm64, r-oldrel-macos-x86_64, r-oldrel-windows-x86_64