CRAN Package Check Results for Package fastGraph

Last updated on 2025-07-24 02:52:12 CEST.

Flavor Version Tinstall Tcheck Ttotal Status Flags
r-devel-linux-x86_64-debian-clang 2.1 2.92 33.94 36.86 NOTE
r-devel-linux-x86_64-debian-gcc 2.1 2.06 25.79 27.85 NOTE
r-devel-linux-x86_64-fedora-clang 2.1 55.64 OK
r-devel-linux-x86_64-fedora-gcc 2.1 56.54 OK
r-devel-windows-x86_64 2.1 3.00 58.00 61.00 OK
r-patched-linux-x86_64 2.1 3.01 32.43 35.44 OK
r-release-linux-x86_64 2.1 2.36 32.83 35.19 OK
r-release-macos-arm64 2.1 26.00 OK
r-release-macos-x86_64 2.1 46.00 OK
r-release-windows-x86_64 2.1 3.00 63.00 66.00 OK
r-oldrel-macos-arm64 2.1 23.00 OK
r-oldrel-macos-x86_64 2.1 35.00 OK
r-oldrel-windows-x86_64 2.1 4.00 65.00 69.00 OK

Check Details

Version: 2.1
Check: CRAN incoming feasibility
Result: NOTE Maintainer: ‘Steven T. Garren <garrenst@jmu.edu>’ No Authors@R field in DESCRIPTION. Please add one, modifying Authors@R: person(given = c("Steven", "T."), family = "Garren", role = c("aut", "cre"), email = "garrenst@jmu.edu") as necessary. Flavors: r-devel-linux-x86_64-debian-clang, r-devel-linux-x86_64-debian-gcc