Last updated on 2022-05-19 02:49:11 CEST.
Flavor | Version | Tinstall | Tcheck | Ttotal | Status | Flags |
---|---|---|---|---|---|---|
r-devel-linux-x86_64-debian-clang | 0.3.0 | 10.99 | 163.27 | 174.26 | NOTE | |
r-devel-linux-x86_64-debian-gcc | 0.3.0 | 7.45 | 117.45 | 124.90 | NOTE | |
r-devel-linux-x86_64-fedora-clang | 0.3.0 | 200.43 | NOTE | |||
r-devel-linux-x86_64-fedora-gcc | 0.3.0 | 201.18 | NOTE | |||
r-devel-windows-x86_64 | 0.3.0 | 38.00 | 154.00 | 192.00 | NOTE | |
r-patched-linux-x86_64 | 0.3.0 | 11.87 | 155.44 | 167.31 | NOTE | |
r-release-linux-x86_64 | 0.3.0 | 9.83 | 154.14 | 163.97 | NOTE | |
r-release-macos-arm64 | 0.3.0 | 57.00 | NOTE | |||
r-release-macos-x86_64 | 0.3.0 | 101.00 | NOTE | |||
r-release-windows-x86_64 | 0.3.0 | 26.00 | 163.00 | 189.00 | NOTE | |
r-oldrel-macos-arm64 | 0.3.0 | 57.00 | NOTE | |||
r-oldrel-macos-x86_64 | 0.3.0 | 79.00 | NOTE | |||
r-oldrel-windows-ix86+x86_64 | 0.3.0 | 23.00 | 159.00 | 182.00 | NOTE |
Version: 0.3.0
Check: LazyData
Result: NOTE
'LazyData' is specified without a 'data' directory
Flavors: r-devel-linux-x86_64-debian-clang, r-devel-linux-x86_64-debian-gcc, r-devel-linux-x86_64-fedora-clang, r-devel-linux-x86_64-fedora-gcc, r-devel-windows-x86_64, r-patched-linux-x86_64, r-release-linux-x86_64, r-release-macos-arm64, r-release-macos-x86_64, r-release-windows-x86_64, r-oldrel-macos-arm64, r-oldrel-macos-x86_64, r-oldrel-windows-ix86+x86_64
Version: 0.3.0
Check: dependencies in R code
Result: NOTE
Namespace in Imports field not imported from: ‘magrittr’
All declared Imports should be used.
Flavors: r-devel-linux-x86_64-fedora-clang, r-devel-linux-x86_64-fedora-gcc, r-release-macos-arm64, r-release-macos-x86_64, r-oldrel-macos-arm64, r-oldrel-macos-x86_64