CRAN Package Check Results for Package fastText

Last updated on 2022-05-19 02:49:11 CEST.

Flavor Version Tinstall Tcheck Ttotal Status Flags
r-devel-linux-x86_64-debian-clang 1.0.2 65.51 98.69 164.20 OK
r-devel-linux-x86_64-debian-gcc 1.0.2 52.90 70.41 123.31 OK
r-devel-linux-x86_64-fedora-clang 1.0.2 221.41 NOTE
r-devel-linux-x86_64-fedora-gcc 1.0.2 194.30 OK
r-devel-windows-x86_64 1.0.2 95.00 182.00 277.00 OK
r-patched-linux-x86_64 1.0.2 53.75 91.37 145.12 OK
r-release-linux-x86_64 1.0.2 56.52 91.04 147.56 OK
r-release-macos-arm64 1.0.2 53.00 NOTE
r-release-macos-x86_64 1.0.2 116.00 NOTE
r-release-windows-x86_64 1.0.2 103.00 191.00 294.00 OK
r-oldrel-macos-arm64 1.0.2 58.00 NOTE
r-oldrel-macos-x86_64 1.0.2 87.00 NOTE
r-oldrel-windows-ix86+x86_64 1.0.2 163.00 201.00 364.00 NOTE

Check Details

Version: 1.0.2
Check: installed package size
Result: NOTE
     installed size is 5.5Mb
     sub-directories of 1Mb or more:
     doc 1.7Mb
     libs 2.7Mb
Flavors: r-devel-linux-x86_64-fedora-clang, r-release-macos-arm64, r-release-macos-x86_64, r-oldrel-macos-arm64, r-oldrel-macos-x86_64, r-oldrel-windows-ix86+x86_64