Last updated on 2022-05-19 02:49:11 CEST.
Flavor | Version | Tinstall | Tcheck | Ttotal | Status | Flags |
---|---|---|---|---|---|---|
r-devel-linux-x86_64-debian-clang | 2.2.0 | 30.53 | 272.90 | 303.43 | OK | |
r-devel-linux-x86_64-debian-gcc | 2.2.0 | 24.35 | 204.58 | 228.93 | OK | |
r-devel-linux-x86_64-fedora-clang | 2.2.0 | 373.00 | NOTE | |||
r-devel-linux-x86_64-fedora-gcc | 2.2.0 | 364.52 | OK | |||
r-devel-windows-x86_64 | 2.2.0 | 216.00 | 399.00 | 615.00 | NOTE | |
r-patched-linux-x86_64 | 2.2.0 | 34.44 | 263.37 | 297.81 | OK | |
r-release-linux-x86_64 | 2.2.0 | 30.20 | 259.88 | 290.08 | OK | |
r-release-macos-arm64 | 2.2.0 | 103.00 | NOTE | |||
r-release-macos-x86_64 | 2.2.0 | 174.00 | NOTE | |||
r-release-windows-x86_64 | 2.2.0 | 383.00 | 472.00 | 855.00 | NOTE | |
r-oldrel-macos-arm64 | 2.2.0 | 95.00 | NOTE | |||
r-oldrel-macos-x86_64 | 2.2.0 | 158.00 | NOTE | |||
r-oldrel-windows-ix86+x86_64 | 2.2.0 | 61.00 | 312.00 | 373.00 | NOTE |
Version: 2.2.0
Check: installed package size
Result: NOTE
installed size is 5.1Mb
sub-directories of 1Mb or more:
doc 3.0Mb
help 1.2Mb
Flavors: r-devel-linux-x86_64-fedora-clang, r-devel-windows-x86_64, r-release-macos-arm64, r-release-macos-x86_64, r-release-windows-x86_64, r-oldrel-macos-arm64, r-oldrel-macos-x86_64, r-oldrel-windows-ix86+x86_64