Last updated on 2024-08-16 01:48:18 CEST.
Flavor | Version | Tinstall | Tcheck | Ttotal | Status | Flags |
---|---|---|---|---|---|---|
r-devel-linux-x86_64-debian-clang | 1.2 | 12.68 | 22.11 | 34.79 | NOTE | |
r-devel-linux-x86_64-debian-gcc | 1.2 | 9.47 | 17.32 | 26.79 | NOTE | |
r-devel-linux-x86_64-fedora-clang | 1.2 | 63.70 | NOTE | |||
r-devel-linux-x86_64-fedora-gcc | 1.2 | 61.55 | NOTE | |||
r-devel-windows-x86_64 | 1.2 | 16.00 | 61.00 | 77.00 | NOTE | |
r-patched-linux-x86_64 | 1.2 | 13.57 | 21.03 | 34.60 | NOTE | |
r-release-linux-x86_64 | 1.2 | 13.56 | 20.97 | 34.53 | NOTE | |
r-release-macos-arm64 | 1.2 | 21.00 | NOTE | |||
r-release-macos-x86_64 | 1.2 | 38.00 | NOTE | |||
r-release-windows-x86_64 | 1.2 | 15.00 | 63.00 | 78.00 | NOTE | |
r-oldrel-macos-arm64 | 1.2 | 23.00 | NOTE | |||
r-oldrel-macos-x86_64 | 1.2 | 37.00 | NOTE | |||
r-oldrel-windows-x86_64 | 1.2 | 14.00 | 70.00 | 84.00 | NOTE |
Version: 1.2
Check: C++ specification
Result: NOTE
Specified C++11: please drop specification unless essential
Flavors: r-devel-linux-x86_64-debian-clang, r-devel-linux-x86_64-debian-gcc, r-devel-linux-x86_64-fedora-clang, r-devel-linux-x86_64-fedora-gcc, r-devel-windows-x86_64, r-patched-linux-x86_64, r-release-linux-x86_64, r-release-macos-arm64, r-release-macos-x86_64, r-release-windows-x86_64, r-oldrel-macos-arm64, r-oldrel-macos-x86_64, r-oldrel-windows-x86_64