CRAN Package Check Results for Package fastnet

Last updated on 2025-05-12 02:49:58 CEST.

Flavor Version Tinstall Tcheck Ttotal Status Flags
r-devel-linux-x86_64-debian-clang 1.0.0 4.58 37.66 42.24 OK
r-devel-linux-x86_64-debian-gcc 1.0.0 3.80 27.04 30.84 OK
r-devel-linux-x86_64-fedora-clang 1.0.0 65.09 OK
r-devel-linux-x86_64-fedora-gcc 1.0.0 64.41 OK
r-devel-windows-x86_64 1.0.0 6.00 63.00 69.00 OK
r-patched-linux-x86_64 1.0.0 5.86 34.90 40.76 OK
r-release-linux-x86_64 1.0.0 4.06 35.25 39.31 OK
r-release-macos-arm64 1.0.0 22.00 OK
r-release-macos-x86_64 1.0.0 39.00 OK
r-release-windows-x86_64 1.0.0 5.00 65.00 70.00 OK
r-oldrel-macos-arm64 1.0.0 23.00 NOTE
r-oldrel-macos-x86_64 1.0.0 32.00 NOTE
r-oldrel-windows-x86_64 1.0.0 9.00 70.00 79.00 NOTE

Check Details

Version: 1.0.0
Check: LazyData
Result: NOTE 'LazyData' is specified without a 'data' directory Flavors: r-oldrel-macos-arm64, r-oldrel-macos-x86_64, r-oldrel-windows-x86_64