CRAN Package Check Results for Package faux

Last updated on 2022-01-18 01:51:59 CET.

Flavor Version Tinstall Tcheck Ttotal Status Flags
r-devel-linux-x86_64-debian-clang 1.1.0 10.20 166.81 177.01 OK
r-devel-linux-x86_64-debian-gcc 1.1.0 8.83 124.82 133.65 OK
r-devel-linux-x86_64-fedora-clang 1.1.0 214.47 OK
r-devel-linux-x86_64-fedora-gcc 1.1.0 200.69 OK
r-devel-windows-x86_64-new-UL 1.1.0 97.00 227.00 324.00 OK
r-devel-windows-x86_64-new-TK 1.1.0 ERROR
r-patched-linux-x86_64 1.1.0 12.50 169.64 182.14 OK
r-release-linux-x86_64 1.1.0 OK
r-release-macos-arm64 1.1.0 OK
r-release-macos-x86_64 1.1.0 OK
r-release-windows-ix86+x86_64 1.1.0 28.00 220.00 248.00 OK
r-oldrel-macos-x86_64 1.1.0 ERROR
r-oldrel-windows-ix86+x86_64 1.1.0 27.00 219.00 246.00 ERROR

Check Details

Version: 1.1.0
Check: package dependencies
Result: ERROR
    Package required but not available: 'lme4'
    
    Package suggested but not available for checking: 'lmerTest'
    
    See section 'The DESCRIPTION file' in the 'Writing R Extensions'
    manual.
Flavor: r-devel-windows-x86_64-new-TK

Version: 1.1.0
Check: R code for possible problems
Result: NOTE
    plot_design: no visible global function definition for
     ‘all.equal.function’
    Undefined global functions or variables:
     all.equal.function
Flavors: r-oldrel-macos-x86_64, r-oldrel-windows-ix86+x86_64

Version: 1.1.0
Check: tests
Result: ERROR
     Running ‘testthat.R’ [12s/12s]
    Running the tests in ‘tests/testthat.R’ failed.
    Last 13 lines of output:
     ══ Skipped tests ═══════════════════════════════════════════════════════════════
     • On CRAN (11)
     • Too variable (1)
    
     ══ Failed tests ════════════════════════════════════════════════════════════════
     ── Error (test-plot_design.R:403:3): vardesc ───────────────────────────────────
     Error in `all.equal.function(labeller, label_both)`: could not find function "all.equal.function"
     Backtrace:
     █
     1. └─faux::plot_design(design, labeller = label_value) test-plot_design.R:403:2
     2. └─base::isTRUE(all.equal.function(labeller, label_both))
    
     [ FAIL 1 | WARN 0 | SKIP 12 | PASS 1271 ]
     Error: Test failures
     Execution halted
Flavor: r-oldrel-macos-x86_64

Version: 1.1.0
Check: tests
Result: ERROR
     Running 'testthat.R' [32s]
    Running the tests in 'tests/testthat.R' failed.
    Complete output:
     > library(testthat)
     > library(faux)
    
     ************
     Welcome to faux. For support and examples visit:
     https://debruine.github.io/faux/
     - Get and set global package options with: faux_options()
     ************
     >
     > expect_equal <- function(...) {
     + testthat::expect_equal(..., check.environment=FALSE)
     + }
     >
     > test_check("faux")
     == Skipped tests ===============================================================
     * On CRAN (11)
     * Too variable (1)
    
     == Failed tests ================================================================
     -- Error (test-plot_design.R:403:3): vardesc -----------------------------------
     Error in `all.equal.function(labeller, label_both)`: could not find function "all.equal.function"
     Backtrace:
     x
     1. \-faux::plot_design(design, labeller = label_value) test-plot_design.R:403:2
     2. \-base::isTRUE(all.equal.function(labeller, label_both))
    
     [ FAIL 1 | WARN 0 | SKIP 12 | PASS 1271 ]
     Error: Test failures
     Execution halted
Flavor: r-oldrel-windows-ix86+x86_64