Last updated on 2024-04-18 01:55:14 CEST.
Flavor | Version | Tinstall | Tcheck | Ttotal | Status | Flags |
---|---|---|---|---|---|---|
r-devel-linux-x86_64-debian-clang | 1.2.1 | 10.52 | 319.22 | 329.74 | NOTE | |
r-devel-linux-x86_64-debian-gcc | 1.2.1 | 11.52 | 236.32 | 247.84 | NOTE | |
r-devel-linux-x86_64-fedora-clang | 1.2.1 | 413.66 | NOTE | |||
r-devel-linux-x86_64-fedora-gcc | 1.2.1 | 415.40 | NOTE | |||
r-prerel-macos-arm64 | 1.2.1 | 120.00 | NOTE | |||
r-prerel-windows-x86_64 | 1.2.1 | 21.00 | 296.00 | 317.00 | NOTE | |
r-patched-linux-x86_64 | 1.2.1 | 9.32 | 307.63 | 316.95 | NOTE | |
r-release-linux-x86_64 | 1.2.1 | 7.95 | 311.06 | 319.01 | OK | |
r-release-macos-arm64 | 1.2.1 | 116.00 | OK | |||
r-release-macos-x86_64 | 1.2.1 | 258.00 | OK | |||
r-release-windows-x86_64 | 1.2.1 | 27.00 | 362.00 | 389.00 | OK | |
r-oldrel-macos-arm64 | 1.2.1 | 119.00 | OK | |||
r-oldrel-windows-x86_64 | 1.2.1 | 28.00 | 350.00 | 378.00 | OK |
Version: 1.2.1
Check: Rd files
Result: NOTE
checkRd: (-1) fh_bounds.Rd:14: Lost braces
14 | \item{params1}{Arguments to pass to the r{dist} function for distribution 1}
| ^
checkRd: (-1) fh_bounds.Rd:16: Lost braces
16 | \item{params2}{Arguments to pass to the r{dist} function for distribution 2}
| ^
Flavors: r-devel-linux-x86_64-debian-clang, r-devel-linux-x86_64-debian-gcc, r-devel-linux-x86_64-fedora-clang, r-devel-linux-x86_64-fedora-gcc, r-prerel-macos-arm64, r-prerel-windows-x86_64, r-patched-linux-x86_64