Last updated on 2024-04-23 01:56:59 CEST.
Flavor | Version | Tinstall | Tcheck | Ttotal | Status | Flags |
---|---|---|---|---|---|---|
r-devel-linux-x86_64-debian-clang | 0.5.2 | 69.46 | 57.99 | 127.45 | NOTE | |
r-devel-linux-x86_64-debian-gcc | 0.5.2 | 55.07 | 43.36 | 98.43 | NOTE | |
r-devel-linux-x86_64-fedora-clang | 0.5.2 | 170.36 | NOTE | |||
r-devel-linux-x86_64-fedora-gcc | 0.5.2 | 178.94 | NOTE | |||
r-prerel-macos-arm64 | 0.5.2 | 51.00 | NOTE | |||
r-prerel-windows-x86_64 | 0.5.2 | 49.00 | 61.00 | 110.00 | NOTE | |
r-patched-linux-x86_64 | 0.5.2 | 62.93 | 54.77 | 117.70 | NOTE | |
r-release-linux-x86_64 | 0.5.2 | 64.48 | 54.50 | 118.98 | OK | |
r-release-macos-arm64 | 0.5.2 | 48.00 | OK | |||
r-release-macos-x86_64 | 0.5.2 | 143.00 | OK | |||
r-release-windows-x86_64 | 0.5.2 | 64.00 | 66.00 | 130.00 | OK | |
r-oldrel-macos-arm64 | 0.5.2 | 44.00 | OK | |||
r-oldrel-windows-x86_64 | 0.5.2 | 72.00 | 72.00 | 144.00 | OK |
Version: 0.5.2
Check: Rd files
Result: NOTE
checkRd: (-1) Error-Classes.Rd:107-119: Lost braces
107 | \item \code{do_verbose(response, template)} {
| ^
checkRd: (-1) Error.Rd:33-45: Lost braces
33 | \item \code{do(response, mssg)} {
| ^
Flavors: r-devel-linux-x86_64-debian-clang, r-devel-linux-x86_64-debian-gcc, r-devel-linux-x86_64-fedora-clang, r-devel-linux-x86_64-fedora-gcc, r-prerel-macos-arm64, r-prerel-windows-x86_64, r-patched-linux-x86_64