Last updated on 2022-06-27 01:49:51 CEST.
Flavor | Version | Tinstall | Tcheck | Ttotal | Status | Flags |
---|---|---|---|---|---|---|
r-devel-linux-x86_64-debian-clang | 2.1.1 | 171.72 | 79.23 | 250.95 | WARN | |
r-devel-linux-x86_64-debian-gcc | 2.1.1 | 130.37 | 60.09 | 190.46 | OK | |
r-devel-linux-x86_64-fedora-clang | 2.1.1 | 365.81 | WARN | |||
r-devel-linux-x86_64-fedora-gcc | 2.1.1 | 313.57 | OK | |||
r-devel-windows-x86_64 | 2.1.1 | 140.00 | 134.00 | 274.00 | OK | |
r-patched-linux-x86_64 | 2.1.1 | 129.09 | 77.81 | 206.90 | OK | |
r-release-linux-x86_64 | 2.1.1 | 126.37 | 78.20 | 204.57 | OK | |
r-release-macos-arm64 | 2.1.1 | 75.00 | NOTE | |||
r-release-macos-x86_64 | 2.1.1 | 94.00 | NOTE | |||
r-release-windows-x86_64 | 2.1.1 | 130.00 | 136.00 | 266.00 | OK | |
r-oldrel-macos-arm64 | 2.1.1 | 79.00 | NOTE | |||
r-oldrel-macos-x86_64 | 2.1.1 | 127.00 | NOTE | |||
r-oldrel-windows-ix86+x86_64 | 2.1.1 | 369.00 | 141.00 | 510.00 | OK |
Version: 2.1.1
Check: whether package can be installed
Result: WARN
Found the following significant warnings:
func.cpp:124:17: warning: use of bitwise '&' with boolean operands [-Wbitwise-instead-of-logical]
Flavors: r-devel-linux-x86_64-debian-clang, r-devel-linux-x86_64-fedora-clang
Version: 2.1.1
Check: installed package size
Result: NOTE
installed size is 7.9Mb
sub-directories of 1Mb or more:
libs 7.3Mb
Flavors: r-devel-linux-x86_64-fedora-clang, r-release-macos-arm64, r-release-macos-x86_64, r-oldrel-macos-arm64, r-oldrel-macos-x86_64