Last updated on 2024-08-16 01:48:18 CEST.
Flavor | Version | Tinstall | Tcheck | Ttotal | Status | Flags |
---|---|---|---|---|---|---|
r-devel-linux-x86_64-debian-clang | 0.6.1 | 72.11 | 29.02 | 101.13 | OK | |
r-devel-linux-x86_64-debian-gcc | 0.6.1 | 55.08 | 21.22 | 76.30 | OK | |
r-devel-linux-x86_64-fedora-clang | 0.6.1 | 184.82 | OK | |||
r-devel-linux-x86_64-fedora-gcc | 0.6.1 | 213.51 | OK | |||
r-devel-windows-x86_64 | 0.6.1 | 76.00 | 75.00 | 151.00 | OK | |
r-patched-linux-x86_64 | 0.6.1 | 79.00 | 27.63 | 106.63 | OK | |
r-release-linux-x86_64 | 0.6.1 | 75.83 | 27.24 | 103.07 | OK | |
r-release-macos-arm64 | 0.6.1 | 49.00 | NOTE | |||
r-release-macos-x86_64 | 0.6.1 | 61.00 | NOTE | |||
r-release-windows-x86_64 | 0.6.1 | 74.00 | 73.00 | 147.00 | OK | |
r-oldrel-macos-arm64 | 0.6.1 | 54.00 | NOTE | |||
r-oldrel-macos-x86_64 | 0.6.1 | 80.00 | NOTE | |||
r-oldrel-windows-x86_64 | 0.6.1 | 91.00 | 86.00 | 177.00 | OK |
Version: 0.6.1
Check: installed package size
Result: NOTE
installed size is 7.6Mb
sub-directories of 1Mb or more:
libs 7.5Mb
Flavors: r-release-macos-arm64, r-release-macos-x86_64, r-oldrel-macos-arm64, r-oldrel-macos-x86_64