Last updated on 2023-06-06 01:54:01 CEST.
Flavor | Version | Tinstall | Tcheck | Ttotal | Status | Flags |
---|---|---|---|---|---|---|
r-devel-linux-x86_64-debian-clang | 1.0.3 | 7.47 | 69.29 | 76.76 | OK | |
r-devel-linux-x86_64-debian-gcc | 1.0.3 | 4.65 | 52.80 | 57.45 | OK | |
r-devel-linux-x86_64-fedora-clang | 1.0.3 | 95.80 | NOTE | |||
r-devel-linux-x86_64-fedora-gcc | 1.0.3 | 102.32 | NOTE | |||
r-devel-windows-x86_64 | 1.0.3 | 8.00 | 71.00 | 79.00 | OK | |
r-patched-linux-x86_64 | 1.0.3 | 5.27 | 64.44 | 69.71 | OK | |
r-release-linux-x86_64 | 1.0.3 | 5.57 | 65.58 | 71.15 | OK | |
r-release-macos-arm64 | 1.0.3 | 38.00 | OK | |||
r-release-macos-x86_64 | 1.0.3 | 57.00 | OK | |||
r-release-windows-x86_64 | 1.0.3 | 10.00 | 81.00 | 91.00 | OK | |
r-oldrel-macos-arm64 | 1.0.3 | 34.00 | NOTE | |||
r-oldrel-macos-x86_64 | 1.0.3 | 45.00 | NOTE | |||
r-oldrel-windows-x86_64 | 1.0.3 | 10.00 | 84.00 | 94.00 | OK |
Version: 1.0.3
Check: dependencies in R code
Result: NOTE
Namespaces in Imports field not imported from:
‘FastGP’ ‘MASS’ ‘fdapace’
All declared Imports should be used.
Flavors: r-devel-linux-x86_64-fedora-clang, r-devel-linux-x86_64-fedora-gcc, r-oldrel-macos-arm64, r-oldrel-macos-x86_64