Last updated on 2023-05-31 01:57:13 CEST.
Flavor | Version | Tinstall | Tcheck | Ttotal | Status | Flags |
---|---|---|---|---|---|---|
r-devel-linux-x86_64-debian-clang | 0.1.0 | 2.77 | 49.54 | 52.31 | NOTE | |
r-devel-linux-x86_64-debian-gcc | 0.1.0 | 2.64 | 37.41 | 40.05 | NOTE | |
r-devel-linux-x86_64-fedora-clang | 0.1.0 | 66.71 | NOTE | |||
r-devel-linux-x86_64-fedora-gcc | 0.1.0 | 63.41 | NOTE | |||
r-devel-windows-x86_64 | 0.1.0 | 4.00 | 70.00 | 74.00 | NOTE | |
r-patched-linux-x86_64 | 0.1.0 | 2.79 | 52.07 | 54.86 | NOTE | |
r-release-linux-x86_64 | 0.1.0 | 3.49 | 52.03 | 55.52 | NOTE | |
r-release-macos-arm64 | 0.1.0 | 28.00 | NOTE | |||
r-release-macos-x86_64 | 0.1.0 | 37.00 | NOTE | |||
r-release-windows-x86_64 | 0.1.0 | 6.00 | 70.00 | 76.00 | NOTE | |
r-oldrel-macos-arm64 | 0.1.0 | 22.00 | NOTE | |||
r-oldrel-macos-x86_64 | 0.1.0 | 35.00 | NOTE | |||
r-oldrel-windows-x86_64 | 0.1.0 | 6.00 | 72.00 | 78.00 | NOTE |
Version: 0.1.0
Check: dependencies in R code
Result: NOTE
Unexported objects imported by ‘:::’ calls:
‘fdapace:::GCVLwls1D1’ ‘fdapace:::GetSmoothedMeanCurve’
‘fdapace:::HandleNumericsAndNAN’ ‘fdapace:::interp2lin’
See the note in ?`:::` about the use of this operator.
Flavors: r-devel-linux-x86_64-debian-clang, r-devel-linux-x86_64-debian-gcc, r-devel-linux-x86_64-fedora-clang, r-devel-linux-x86_64-fedora-gcc, r-devel-windows-x86_64, r-patched-linux-x86_64, r-release-linux-x86_64, r-release-macos-arm64, r-release-macos-x86_64, r-release-windows-x86_64, r-oldrel-macos-arm64, r-oldrel-macos-x86_64, r-oldrel-windows-x86_64