Last updated on 2025-05-06 02:50:18 CEST.
Flavor | Version | Tinstall | Tcheck | Ttotal | Status | Flags |
---|---|---|---|---|---|---|
r-devel-linux-x86_64-debian-clang | 1.4 | 12.14 | 91.84 | 103.98 | NOTE | |
r-devel-linux-x86_64-debian-gcc | 1.4 | 7.30 | 65.79 | 73.09 | NOTE | |
r-devel-linux-x86_64-fedora-clang | 1.4 | 167.19 | OK | |||
r-devel-linux-x86_64-fedora-gcc | 1.4 | 154.77 | OK | |||
r-devel-windows-x86_64 | 1.4 | 13.00 | 91.00 | 104.00 | OK | |
r-patched-linux-x86_64 | 1.4 | 11.02 | 84.64 | 95.66 | OK | |
r-release-linux-x86_64 | 1.4 | 8.94 | 85.65 | 94.59 | OK | |
r-release-macos-arm64 | 1.4 | 41.00 | OK | |||
r-release-macos-x86_64 | 1.4 | 94.00 | OK | |||
r-release-windows-x86_64 | 1.4 | 9.00 | 5.00 | 14.00 | ERROR | |
r-oldrel-macos-arm64 | 1.4 | 38.00 | OK | |||
r-oldrel-macos-x86_64 | 1.4 | 67.00 | OK | |||
r-oldrel-windows-x86_64 | 1.4 | 17.00 | 116.00 | 133.00 | OK |
Version: 1.4
Check: CRAN incoming feasibility
Result: NOTE
Maintainer: ‘Xiongzhi Chen <xiongzhi.chen@wsu.edu>’
No Authors@R field in DESCRIPTION.
Please add one, modifying
Authors@R: c(person(given = "Xiongzhi",
family = "Chen",
role = c("aut", "cre"),
email = "xiongzhi.chen@wsu.edu"),
person(given = c("Rebecca", "W."),
family = "Doerge",
role = "aut",
email = "rwdoerge@andrew.cmu.edu"))
as necessary.
Flavors: r-devel-linux-x86_64-debian-clang, r-devel-linux-x86_64-debian-gcc
Version: 1.4
Check: whether package can be installed
Result: ERROR
Installation failed.
Flavor: r-release-windows-x86_64