Last updated on 2022-07-05 02:53:28 CEST.
Flavor | Version | Tinstall | Tcheck | Ttotal | Status | Flags |
---|---|---|---|---|---|---|
r-devel-linux-x86_64-debian-clang | 0.3.5 | 54.64 | 45.94 | 100.58 | NOTE | |
r-devel-linux-x86_64-debian-gcc | 0.3.5 | 43.24 | 34.78 | 78.02 | NOTE | |
r-devel-linux-x86_64-fedora-clang | 0.3.5 | 146.33 | NOTE | |||
r-devel-linux-x86_64-fedora-gcc | 0.3.5 | 135.13 | NOTE | |||
r-devel-windows-x86_64 | 0.3.5 | 143.00 | 91.00 | 234.00 | NOTE | |
r-patched-linux-x86_64 | 0.3.5 | 42.51 | 44.31 | 86.82 | NOTE | |
r-release-linux-x86_64 | 0.3.5 | 47.07 | 43.50 | 90.57 | NOTE | |
r-release-macos-arm64 | 0.3.5 | 38.00 | NOTE | |||
r-release-macos-x86_64 | 0.3.5 | 49.00 | NOTE | |||
r-release-windows-x86_64 | 0.3.5 | 92.00 | 92.00 | 184.00 | NOTE | |
r-oldrel-macos-arm64 | 0.3.5 | 42.00 | NOTE | |||
r-oldrel-macos-x86_64 | 0.3.5 | 49.00 | NOTE | |||
r-oldrel-windows-ix86+x86_64 | 0.3.5 | 133.00 | 93.00 | 226.00 | NOTE |
Version: 0.3.5
Check: LazyData
Result: NOTE
'LazyData' is specified without a 'data' directory
Flavors: r-devel-linux-x86_64-debian-clang, r-devel-linux-x86_64-debian-gcc, r-devel-linux-x86_64-fedora-clang, r-devel-linux-x86_64-fedora-gcc, r-devel-windows-x86_64, r-patched-linux-x86_64, r-release-linux-x86_64, r-release-macos-arm64, r-release-macos-x86_64, r-release-windows-x86_64, r-oldrel-macos-arm64, r-oldrel-macos-x86_64, r-oldrel-windows-ix86+x86_64