CRAN Package Check Results for Package fec16

Last updated on 2022-07-04 02:53:30 CEST.

Flavor Version Tinstall Tcheck Ttotal Status Flags
r-devel-linux-x86_64-debian-clang 0.1.3 6.94 66.52 73.46 OK
r-devel-linux-x86_64-debian-gcc 0.1.3 5.33 49.75 55.08 OK
r-devel-linux-x86_64-fedora-clang 0.1.3 100.11 NOTE
r-devel-linux-x86_64-fedora-gcc 0.1.3 97.52 NOTE
r-devel-windows-x86_64 0.1.3 18.00 96.00 114.00 OK
r-patched-linux-x86_64 0.1.3 6.66 62.15 68.81 OK
r-release-linux-x86_64 0.1.3 6.95 62.76 69.71 OK
r-release-macos-arm64 0.1.3 33.00 NOTE
r-release-macos-x86_64 0.1.3 71.00 NOTE
r-release-windows-x86_64 0.1.3 27.00 95.00 122.00 OK
r-oldrel-macos-arm64 0.1.3 34.00 NOTE
r-oldrel-macos-x86_64 0.1.3 56.00 NOTE
r-oldrel-windows-ix86+x86_64 0.1.3 19.00 81.00 100.00 OK

Check Details

Version: 0.1.3
Check: data for non-ASCII characters
Result: NOTE
     Note: found 20 marked UTF-8 strings
Flavors: r-devel-linux-x86_64-fedora-clang, r-devel-linux-x86_64-fedora-gcc, r-release-macos-arm64, r-release-macos-x86_64, r-oldrel-macos-arm64, r-oldrel-macos-x86_64