CRAN Package Check Results for Package ff

Last updated on 2019-12-14 15:47:07 CET.

Flavor Version Tinstall Tcheck Ttotal Status Flags
r-devel-linux-x86_64-debian-clang 2.2-14 41.68 88.13 129.81 OK
r-devel-linux-x86_64-debian-gcc 2.2-14 33.91 66.32 100.23 OK
r-devel-linux-x86_64-fedora-clang 2.2-14 163.35 NOTE
r-devel-linux-x86_64-fedora-gcc 2.2-14 168.75 NOTE
r-devel-windows-ix86+x86_64 2.2-14 101.00 164.00 265.00 OK
r-devel-windows-ix86+x86_64-gcc8 2.2-14 96.00 171.00 267.00 OK
r-patched-linux-x86_64 2.2-14 34.51 80.83 115.34 OK
r-patched-solaris-x86 2.2-14 215.20 OK
r-release-linux-x86_64 2.2-14 37.00 81.96 118.96 OK
r-release-windows-ix86+x86_64 2.2-14 123.00 123.00 246.00 OK
r-release-osx-x86_64 2.2-14 OK
r-oldrel-windows-ix86+x86_64 2.2-14 94.00 149.00 243.00 OK
r-oldrel-osx-x86_64 2.2-14 OK

Check Details

Version: 2.2-14
Check: compiled code
Result: NOTE
    File ‘ff/libs/ff.so’:
     Found no call to: ‘R_useDynamicSymbols’
    
    It is good practice to register native routines and to disable symbol
    search.
    
    See ‘Writing portable packages’ in the ‘Writing R Extensions’ manual.
Flavors: r-devel-linux-x86_64-fedora-clang, r-devel-linux-x86_64-fedora-gcc