Last updated on 2024-03-28 01:53:57 CET.
Flavor | Version | Tinstall | Tcheck | Ttotal | Status | Flags |
---|---|---|---|---|---|---|
r-devel-linux-x86_64-debian-clang | 1.0 | 12.98 | 102.59 | 115.57 | NOTE | |
r-devel-linux-x86_64-debian-gcc | 1.0 | 9.95 | 79.50 | 89.45 | NOTE | |
r-devel-linux-x86_64-fedora-clang | 1.0 | 142.54 | NOTE | |||
r-devel-linux-x86_64-fedora-gcc | 1.0 | 138.26 | NOTE | |||
r-devel-windows-x86_64 | 1.0 | 11.00 | 92.00 | 103.00 | NOTE | |
r-patched-linux-x86_64 | 1.0 | 9.14 | 100.91 | 110.05 | NOTE | |
r-release-linux-x86_64 | 1.0 | 13.16 | 100.36 | 113.52 | NOTE | |
r-release-macos-arm64 | 1.0 | 43.00 | NOTE | |||
r-release-macos-x86_64 | 1.0 | 68.00 | NOTE | |||
r-release-windows-x86_64 | 1.0 | 14.00 | 109.00 | 123.00 | NOTE | |
r-oldrel-macos-arm64 | 1.0 | 43.00 | NOTE | |||
r-oldrel-windows-x86_64 | 1.0 | 16.00 | 114.00 | 130.00 | NOTE |
Version: 1.0
Check: LazyData
Result: NOTE
'LazyData' is specified without a 'data' directory
Flavors: r-devel-linux-x86_64-debian-clang, r-devel-linux-x86_64-debian-gcc, r-devel-linux-x86_64-fedora-clang, r-devel-linux-x86_64-fedora-gcc, r-devel-windows-x86_64, r-patched-linux-x86_64, r-release-linux-x86_64, r-release-macos-arm64, r-release-macos-x86_64, r-release-windows-x86_64, r-oldrel-macos-arm64, r-oldrel-windows-x86_64