Last updated on 2024-04-25 01:55:12 CEST.
Flavor | Version | Tinstall | Tcheck | Ttotal | Status | Flags |
---|---|---|---|---|---|---|
r-devel-linux-x86_64-debian-clang | 1.0.0 | 12.60 | 215.85 | 228.45 | OK | |
r-devel-linux-x86_64-debian-gcc | 1.0.0 | 9.40 | 163.55 | 172.95 | OK | |
r-devel-linux-x86_64-fedora-clang | 1.0.0 | 313.01 | NOTE | |||
r-devel-linux-x86_64-fedora-gcc | 1.0.0 | 295.06 | NOTE | |||
r-devel-windows-x86_64 | 1.0.0 | 13.00 | 277.00 | 290.00 | OK | |
r-patched-linux-x86_64 | 1.0.0 | 11.96 | 212.30 | 224.26 | OK | |
r-release-linux-x86_64 | 1.0.0 | 8.81 | 212.28 | 221.09 | OK | |
r-release-macos-arm64 | 1.0.0 | 88.00 | OK | |||
r-release-windows-x86_64 | 1.0.0 | 11.00 | 271.00 | 282.00 | OK | |
r-oldrel-macos-arm64 | 1.0.0 | 103.00 | OK | |||
r-oldrel-macos-x86_64 | 1.0.0 | 152.00 | OK | |||
r-oldrel-windows-x86_64 | 1.0.0 | 16.00 | 285.00 | 301.00 | OK |
Version: 1.0.0
Check: dependencies in R code
Result: NOTE
Namespace in Imports field not imported from: ‘numDeriv’
All declared Imports should be used.
Flavors: r-devel-linux-x86_64-fedora-clang, r-devel-linux-x86_64-fedora-gcc