Last updated on 2024-03-28 01:53:57 CET.
Flavor | Version | Tinstall | Tcheck | Ttotal | Status | Flags |
---|---|---|---|---|---|---|
r-devel-linux-x86_64-debian-clang | 15.2 | 23.13 | 264.76 | 287.89 | NOTE | |
r-devel-linux-x86_64-debian-gcc | 15.2 | 16.94 | 193.45 | 210.39 | NOTE | |
r-devel-linux-x86_64-fedora-clang | 15.2 | 367.42 | NOTE | |||
r-devel-linux-x86_64-fedora-gcc | 15.2 | 340.46 | NOTE | |||
r-devel-windows-x86_64 | 15.2 | 24.00 | 240.00 | 264.00 | NOTE | |
r-patched-linux-x86_64 | 15.2 | 26.88 | 253.91 | 280.79 | OK | |
r-release-linux-x86_64 | 15.2 | 22.82 | 260.87 | 283.69 | OK | |
r-release-macos-arm64 | 15.2 | 99.00 | OK | |||
r-release-macos-x86_64 | 15.2 | 219.00 | OK | |||
r-release-windows-x86_64 | 15.2 | 29.00 | 280.00 | 309.00 | OK | |
r-oldrel-macos-arm64 | 15.2 | 93.00 | OK | |||
r-oldrel-windows-x86_64 | 15.2 | 31.00 | 265.00 | 296.00 | OK |
Version: 15.2
Check: Rd files
Result: NOTE
checkRd: (-1) FORTRAN.internal.Rd:50: Lost braces
50 | \item{evlpoly}{evaluates a univariate polynomial. See code{fields.evlpoly}}
| ^
checkRd: (-1) FORTRAN.internal.Rd:51: Lost braces
51 | \item{evlpoly2}{ evaluates a multivariate polynomial. See code{fields.evlpoly2}}
| ^
checkRd: (-1) registeredC.Rd:77: Lost braces
77 | \item{addToDiagC}{ adds diagonal elements to a matrix. See code{mKrig}.}
| ^
checkRd: (-1) sim.Krig.Rd:200-221: Lost braces
200 | \code{simLocal.spatialProcess}{This function is
| ^
checkRd: (-1) tim.colors.Rd:96: Lost braces
96 | \item{\dots}{Additional plotting arguments to code{image.plot}}
| ^
Flavors: r-devel-linux-x86_64-debian-clang, r-devel-linux-x86_64-debian-gcc, r-devel-linux-x86_64-fedora-clang, r-devel-linux-x86_64-fedora-gcc, r-devel-windows-x86_64