Last updated on 2024-03-29 01:51:05 CET.
Flavor | Version | Tinstall | Tcheck | Ttotal | Status | Flags |
---|---|---|---|---|---|---|
r-devel-linux-x86_64-debian-clang | 0.2.3 | 71.07 | 147.44 | 218.51 | NOTE | |
r-devel-linux-x86_64-debian-gcc | 0.2.3 | 57.01 | 110.61 | 167.62 | NOTE | |
r-devel-linux-x86_64-fedora-clang | 0.2.3 | 288.77 | NOTE | |||
r-devel-linux-x86_64-fedora-gcc | 0.2.3 | 294.65 | NOTE | |||
r-devel-windows-x86_64 | 0.2.3 | 61.00 | 130.00 | 191.00 | NOTE | |
r-patched-linux-x86_64 | 0.2.3 | 73.49 | 140.21 | 213.70 | NOTE | |
r-release-linux-x86_64 | 0.2.3 | 73.23 | 142.15 | 215.38 | NOTE | |
r-release-macos-arm64 | 0.2.3 | 76.00 | NOTE | |||
r-release-macos-x86_64 | 0.2.3 | 138.00 | NOTE | |||
r-release-windows-x86_64 | 0.2.3 | 74.00 | 165.00 | 239.00 | NOTE | |
r-oldrel-macos-arm64 | 0.2.3 | 73.00 | OK | |||
r-oldrel-windows-x86_64 | 0.2.3 | 73.00 | 154.00 | 227.00 | OK |
Version: 0.2.3
Check: C++ specification
Result: NOTE
Specified C++11: please drop specification unless essential
Flavors: r-devel-linux-x86_64-debian-clang, r-devel-linux-x86_64-debian-gcc, r-devel-linux-x86_64-fedora-clang, r-devel-linux-x86_64-fedora-gcc, r-devel-windows-x86_64, r-patched-linux-x86_64, r-release-linux-x86_64, r-release-macos-arm64, r-release-macos-x86_64, r-release-windows-x86_64