Last updated on 2023-06-04 01:54:01 CEST.
Flavor | Version | Tinstall | Tcheck | Ttotal | Status | Flags |
---|---|---|---|---|---|---|
r-devel-linux-x86_64-debian-clang | 1.0.6 | 18.72 | 495.77 | 514.49 | OK | |
r-devel-linux-x86_64-debian-gcc | 1.0.6 | 14.31 | 375.65 | 389.96 | OK | |
r-devel-linux-x86_64-fedora-clang | 1.0.6 | 654.77 | NOTE | |||
r-devel-linux-x86_64-fedora-gcc | 1.0.6 | 610.24 | NOTE | |||
r-devel-windows-x86_64 | 1.0.6 | 16.00 | 393.00 | 409.00 | NOTE | |
r-patched-linux-x86_64 | 1.0.6 | OK | ||||
r-release-linux-x86_64 | 1.0.6 | 15.60 | 481.39 | 496.99 | OK | |
r-release-macos-arm64 | 1.0.6 | 230.00 | NOTE | |||
r-release-macos-x86_64 | 1.0.6 | 332.00 | NOTE | |||
r-release-windows-x86_64 | 1.0.6 | 20.00 | 504.00 | 524.00 | NOTE | |
r-oldrel-macos-arm64 | 1.0.6 | 156.00 | NOTE | |||
r-oldrel-macos-x86_64 | 1.0.6 | 242.00 | NOTE | |||
r-oldrel-windows-x86_64 | 1.0.6 | 21.00 | 492.00 | 513.00 | NOTE |
Version: 1.0.6
Check: installed package size
Result: NOTE
installed size is 5.6Mb
sub-directories of 1Mb or more:
doc 4.9Mb
Flavors: r-devel-linux-x86_64-fedora-clang, r-devel-windows-x86_64, r-release-macos-arm64, r-release-macos-x86_64, r-release-windows-x86_64, r-oldrel-macos-arm64, r-oldrel-macos-x86_64, r-oldrel-windows-x86_64
Version: 1.0.6
Check: dependencies in R code
Result: NOTE
Namespace in Imports field not imported from: ‘tidyselect’
All declared Imports should be used.
Flavors: r-devel-linux-x86_64-fedora-clang, r-devel-linux-x86_64-fedora-gcc