Last updated on 2024-04-19 01:58:42 CEST.
Flavor | Version | Tinstall | Tcheck | Ttotal | Status | Flags |
---|---|---|---|---|---|---|
r-devel-linux-x86_64-debian-clang | 0.4.0 | 23.47 | 586.13 | 609.60 | OK | |
r-devel-linux-x86_64-debian-gcc | 0.4.0 | 21.82 | 445.66 | 467.48 | OK | |
r-devel-linux-x86_64-fedora-clang | 0.4.0 | 751.45 | NOTE | |||
r-devel-linux-x86_64-fedora-gcc | 0.4.0 | 798.47 | OK | |||
r-prerel-macos-arm64 | 0.4.0 | 194.00 | OK | |||
r-prerel-windows-x86_64 | 0.4.0 | 26.00 | 497.00 | 523.00 | OK | |
r-patched-linux-x86_64 | 0.4.0 | 0.43 | 2.27 | 2.70 | ERROR | |
r-release-linux-x86_64 | 0.4.0 | 24.60 | 571.51 | 596.11 | OK | |
r-release-macos-arm64 | 0.4.0 | 161.00 | OK | |||
r-release-macos-x86_64 | 0.4.0 | 276.00 | OK | |||
r-release-windows-x86_64 | 0.4.0 | 32.00 | 575.00 | 607.00 | OK | |
r-oldrel-macos-arm64 | 0.4.0 | 153.00 | OK | |||
r-oldrel-windows-x86_64 | 0.4.0 | 34.00 | 562.00 | 596.00 | OK |
Version: 0.4.0
Check: package dependencies
Result: NOTE
Imports includes 33 non-default packages.
Importing from so many packages makes the package vulnerable to any of
them becoming unavailable. Move as many as possible to Suggests and
use conditionally.
Flavor: r-devel-linux-x86_64-fedora-clang
Version: 0.4.0
Check: package dependencies
Result: ERROR
Package required but not available: ‘modeltime’
See section ‘The DESCRIPTION file’ in the ‘Writing R Extensions’
manual.
Flavor: r-patched-linux-x86_64