Last updated on 2025-05-03 01:50:58 CEST.
Flavor | Version | Tinstall | Tcheck | Ttotal | Status | Flags |
---|---|---|---|---|---|---|
r-devel-linux-x86_64-debian-clang | 1.0.0 | 17.49 | 59.82 | 77.31 | NOTE | |
r-devel-linux-x86_64-debian-gcc | 1.0.0 | 11.94 | 40.68 | 52.62 | NOTE | |
r-devel-linux-x86_64-fedora-clang | 1.0.0 | 142.43 | NOTE | |||
r-devel-linux-x86_64-fedora-gcc | 1.0.0 | 139.29 | NOTE | |||
r-devel-windows-x86_64 | 1.0.0 | 22.00 | 94.00 | 116.00 | NOTE | |
r-patched-linux-x86_64 | 1.0.0 | 17.13 | 55.61 | 72.74 | NOTE | |
r-release-linux-x86_64 | NOTE | |||||
r-release-macos-arm64 | 1.0.0 | 49.00 | NOTE | |||
r-release-macos-x86_64 | 1.0.0 | 91.00 | NOTE | |||
r-release-windows-x86_64 | 1.0.0 | 23.00 | 93.00 | 116.00 | NOTE | |
r-oldrel-macos-arm64 | 1.0.0 | 41.00 | NOTE | |||
r-oldrel-macos-x86_64 | 1.0.0 | 65.00 | NOTE | |||
r-oldrel-windows-x86_64 | 1.0.0 | 25.00 | 115.00 | 140.00 | NOTE |
Version: 1.0.0
Check: CRAN incoming feasibility
Result: NOTE
Maintainer: ‘Jan Greve <jan.greve@wu.ac.at>’
The Description field contains
(2020) <arXiv:2005.09918>). For methodological details, please refer to
<arXiv:2012.12337>) as well as the package vignette.
Please refer to arXiv e-prints via their arXiv DOI <doi:10.48550/arXiv.YYMM.NNNNN>.
Flavors: r-devel-linux-x86_64-debian-clang, r-devel-linux-x86_64-debian-gcc
Version: 1.0.0
Check: C++ specification
Result: NOTE
Specified C++11: please drop specification unless essential
Flavors: r-devel-linux-x86_64-debian-clang, r-devel-linux-x86_64-debian-gcc, r-devel-linux-x86_64-fedora-clang, r-devel-linux-x86_64-fedora-gcc, r-devel-windows-x86_64, r-patched-linux-x86_64, r-release-linux-x86_64, r-release-macos-arm64, r-release-macos-x86_64, r-release-windows-x86_64, r-oldrel-macos-arm64, r-oldrel-macos-x86_64, r-oldrel-windows-x86_64
Version: 1.0.0
Check: LazyData
Result: NOTE
'LazyData' is specified without a 'data' directory
Flavors: r-oldrel-macos-arm64, r-oldrel-macos-x86_64, r-oldrel-windows-x86_64